128.1.218.169 - - [01/Mar/2026:19:12:00 -0300] "POST /xmlrpc.php HTTP/1.1" 404 - "-" "Mozilla/5.0 (Windows NT 10.0; Win64; x64) AppleWebKit/537.36 (KHTML, like Gecko) Chrome/114.0.0.0 Safari/537.36"
128.1.218.169 - - [01/Mar/2026:19:12:01 -0300] "POST /xmlrpc.php HTTP/1.1" 404 - "-" "Mozilla/5.0 (Windows NT 10.0; Win64; x64) AppleWebKit/537.36 (KHTML, like Gecko) Chrome/114.0.0.0 Safari/537.36"
66.249.79.64 - - [01/Mar/2026:19:17:44 -0300] "GET /products/8372614 HTTP/1.1" 404 - "-" "Mozilla/5.0 (compatible; Googlebot/2.1; +http://www.google.com/bot.html)"
66.249.79.65 - - [01/Mar/2026:19:21:11 -0300] "GET /products/11922281 HTTP/1.1" 404 - "-" "Mozilla/5.0 (compatible; Googlebot/2.1; +http://www.google.com/bot.html)"
66.249.79.65 - - [01/Mar/2026:19:27:32 -0300] "GET /products/24186069 HTTP/1.1" 404 - "-" "Mozilla/5.0 (Linux; Android 6.0.1; Nexus 5X Build/MMB29P) AppleWebKit/537.36 (KHTML, like Gecko) Chrome/144.0.7559.132 Mobile Safari/537.36 (compatible; Googlebot/2.1; +http://www.google.com/bot.html)"
66.249.79.65 - - [01/Mar/2026:19:27:32 -0300] "GET /products/24186069 HTTP/1.1" 404 - "-" "Mozilla/5.0 (compatible; Googlebot/2.1; +http://www.google.com/bot.html)"
198.235.24.139 - - [01/Mar/2026:19:33:56 -0300] "GET / HTTP/1.1" 503 - "-" "Hello from Palo Alto Networks, find out more about our scans in https://docs-cortex.paloaltonetworks.com/r/1/Cortex-Xpanse/Scanning-activity"
66.249.79.64 - - [01/Mar/2026:19:35:04 -0300] "GET /products/22663503 HTTP/1.1" 404 - "-" "Mozilla/5.0 (compatible; Googlebot/2.1; +http://www.google.com/bot.html)"
66.249.79.64 - - [01/Mar/2026:19:35:05 -0300] "GET /robots.txt HTTP/1.1" 200 70 "-" "Mozilla/5.0 (compatible; Googlebot/2.1; +http://www.google.com/bot.html)"
66.249.79.64 - - [01/Mar/2026:19:35:35 -0300] "GET /products/28411081 HTTP/1.1" 404 - "-" "Mozilla/5.0 (Linux; Android 6.0.1; Nexus 5X Build/MMB29P) AppleWebKit/537.36 (KHTML, like Gecko) Chrome/144.0.7559.132 Mobile Safari/537.36 (compatible; Googlebot/2.1; +http://www.google.com/bot.html)"
66.249.79.65 - - [01/Mar/2026:19:35:35 -0300] "GET /products/28411081 HTTP/1.1" 404 - "-" "Mozilla/5.0 (compatible; Googlebot/2.1; +http://www.google.com/bot.html)"
66.249.79.64 - - [01/Mar/2026:19:53:09 -0300] "GET /products/13550525 HTTP/1.1" 404 - "-" "Mozilla/5.0 (compatible; Googlebot/2.1; +http://www.google.com/bot.html)"
66.249.79.66 - - [01/Mar/2026:19:53:09 -0300] "GET /products/13550525 HTTP/1.1" 404 - "-" "Mozilla/5.0 (Linux; Android 6.0.1; Nexus 5X Build/MMB29P) AppleWebKit/537.36 (KHTML, like Gecko) Chrome/144.0.7559.132 Mobile Safari/537.36 (compatible; Googlebot/2.1; +http://www.google.com/bot.html)"
98.98.9.58 - - [01/Mar/2026:19:56:32 -0300] "POST /xmlrpc.php HTTP/1.1" 404 - "-" "Mozilla/5.0 (Windows NT 10.0; Win64; x64) AppleWebKit/537.36 (KHTML, like Gecko) Chrome/114.0.0.0 Safari/537.36"
98.98.9.58 - - [01/Mar/2026:19:56:34 -0300] "POST /xmlrpc.php HTTP/1.1" 404 - "-" "Mozilla/5.0 (Windows NT 10.0; Win64; x64) AppleWebKit/537.36 (KHTML, like Gecko) Chrome/114.0.0.0 Safari/537.36"
98.98.9.58 - - [01/Mar/2026:19:56:50 -0300] "POST /xmlrpc.php HTTP/1.1" 404 - "-" "Mozilla/5.0 (Windows NT 10.0; Win64; x64) AppleWebKit/537.36 (KHTML, like Gecko) Chrome/114.0.0.0 Safari/537.36"
98.98.9.58 - - [01/Mar/2026:19:56:51 -0300] "POST /xmlrpc.php HTTP/1.1" 404 - "-" "Mozilla/5.0 (Windows NT 10.0; Win64; x64) AppleWebKit/537.36 (KHTML, like Gecko) Chrome/114.0.0.0 Safari/537.36"
181.42.171.87 - - [01/Mar/2026:20:11:04 -0300] "GET /favicon.ico HTTP/1.1" 404 - "-" "Mozilla/5.0 (iPhone; CPU iPhone OS 26_3_0 like Mac OS X) AppleWebKit/605.1.15 (KHTML, like Gecko) CriOS/145.0.7632.108 Mobile/15E148 Safari/604.1"
128.1.218.169 - - [01/Mar/2026:20:17:47 -0300] "POST /xmlrpc.php HTTP/1.1" 404 - "-" "Mozilla/5.0 (Windows NT 10.0; Win64; x64) AppleWebKit/537.36 (KHTML, like Gecko) Chrome/114.0.0.0 Safari/537.36"
128.1.218.169 - - [01/Mar/2026:20:17:48 -0300] "POST /xmlrpc.php HTTP/1.1" 404 - "-" "Mozilla/5.0 (Windows NT 10.0; Win64; x64) AppleWebKit/537.36 (KHTML, like Gecko) Chrome/114.0.0.0 Safari/537.36"
66.249.79.65 - - [01/Mar/2026:20:20:00 -0300] "GET /2026/02/15/local-casino-web-site-recommendations-2026/ HTTP/1.1" 404 - "-" "Mozilla/5.0 (Linux; Android 6.0.1; Nexus 5X Build/MMB29P) AppleWebKit/537.36 (KHTML, like Gecko) Chrome/144.0.7559.132 Mobile Safari/537.36 (compatible; Googlebot/2.1; +http://www.google.com/bot.html)"
66.249.79.65 - - [01/Mar/2026:20:33:05 -0300] "GET /products/5781481 HTTP/1.1" 404 - "-" "Mozilla/5.0 (Linux; Android 6.0.1; Nexus 5X Build/MMB29P) AppleWebKit/537.36 (KHTML, like Gecko) Chrome/144.0.7559.132 Mobile Safari/537.36 (compatible; Googlebot/2.1; +http://www.google.com/bot.html)"
128.1.218.169 - - [01/Mar/2026:20:39:52 -0300] "POST /xmlrpc.php HTTP/1.1" 404 - "-" "Mozilla/5.0 (Windows NT 10.0; Win64; x64) AppleWebKit/537.36 (KHTML, like Gecko) Chrome/114.0.0.0 Safari/537.36"
128.1.218.169 - - [01/Mar/2026:20:39:53 -0300] "POST /xmlrpc.php HTTP/1.1" 404 - "-" "Mozilla/5.0 (Windows NT 10.0; Win64; x64) AppleWebKit/537.36 (KHTML, like Gecko) Chrome/114.0.0.0 Safari/537.36"
66.249.79.65 - - [01/Mar/2026:20:40:41 -0300] "GET /products/25395092 HTTP/1.1" 404 - "-" "Mozilla/5.0 (Linux; Android 6.0.1; Nexus 5X Build/MMB29P) AppleWebKit/537.36 (KHTML, like Gecko) Chrome/144.0.7559.132 Mobile Safari/537.36 (compatible; Googlebot/2.1; +http://www.google.com/bot.html)"
216.73.216.61 - - [01/Mar/2026:20:41:28 -0300] "GET /robots.txt HTTP/1.1" 200 70 "-" "Mozilla/5.0 AppleWebKit/537.36 (KHTML, like Gecko; compatible; ClaudeBot/1.0; +claudebot@anthropic.com)"
216.73.216.61 - - [01/Mar/2026:20:41:28 -0300] "GET /?C=N&O=A HTTP/1.1" 200 1892 "-" "Mozilla/5.0 AppleWebKit/537.36 (KHTML, like Gecko; compatible; ClaudeBot/1.0; +claudebot@anthropic.com)"
216.73.216.61 - - [01/Mar/2026:20:42:36 -0300] "GET /Aem/admin/tool/dataprivacy/summary.php HTTP/1.1" 200 30650 "-" "Mozilla/5.0 AppleWebKit/537.36 (KHTML, like Gecko; compatible; ClaudeBot/1.0; +claudebot@anthropic.com)"
216.73.216.61 - - [01/Mar/2026:20:42:38 -0300] "GET /Aem/login/index.php HTTP/1.1" 200 25623 "-" "Mozilla/5.0 AppleWebKit/537.36 (KHTML, like Gecko; compatible; ClaudeBot/1.0; +claudebot@anthropic.com)"
216.73.216.61 - - [01/Mar/2026:20:42:38 -0300] "GET /file56.php?phpinfo=true HTTP/1.1" 200 98704 "-" "Mozilla/5.0 AppleWebKit/537.36 (KHTML, like Gecko; compatible; ClaudeBot/1.0; +claudebot@anthropic.com)"
216.73.216.61 - - [01/Mar/2026:20:42:38 -0300] "GET /Aem/theme/yui_combo.php HTTP/1.1" 404 107 "-" "Mozilla/5.0 AppleWebKit/537.36 (KHTML, like Gecko; compatible; ClaudeBot/1.0; +claudebot@anthropic.com)"
216.73.216.61 - - [01/Mar/2026:20:42:39 -0300] "GET /file56.php?proxy=true HTTP/1.1" 200 20380 "-" "Mozilla/5.0 AppleWebKit/537.36 (KHTML, like Gecko; compatible; ClaudeBot/1.0; +claudebot@anthropic.com)"
216.73.216.61 - - [01/Mar/2026:20:42:51 -0300] "GET /?C=D&O=D HTTP/1.1" 200 1892 "-" "Mozilla/5.0 AppleWebKit/537.36 (KHTML, like Gecko; compatible; ClaudeBot/1.0; +claudebot@anthropic.com)"
216.73.216.61 - - [01/Mar/2026:20:42:51 -0300] "GET /?C=M&O=D HTTP/1.1" 200 1892 "-" "Mozilla/5.0 AppleWebKit/537.36 (KHTML, like Gecko; compatible; ClaudeBot/1.0; +claudebot@anthropic.com)"
216.73.216.61 - - [01/Mar/2026:20:42:51 -0300] "GET /Aem/?lang=en HTTP/1.1" 200 27201 "-" "Mozilla/5.0 AppleWebKit/537.36 (KHTML, like Gecko; compatible; ClaudeBot/1.0; +claudebot@anthropic.com)"
216.73.216.61 - - [01/Mar/2026:20:42:52 -0300] "GET /Aem/theme/styles.php/boost/1683720209_1/all HTTP/1.1" 200 122719 "-" "Mozilla/5.0 AppleWebKit/537.36 (KHTML, like Gecko; compatible; ClaudeBot/1.0; +claudebot@anthropic.com)"
216.73.216.61 - - [01/Mar/2026:20:42:52 -0300] "GET /file56.php?fm_settings=true HTTP/1.1" 200 39507 "-" "Mozilla/5.0 AppleWebKit/537.36 (KHTML, like Gecko; compatible; ClaudeBot/1.0; +claudebot@anthropic.com)"
216.73.216.61 - - [01/Mar/2026:20:43:15 -0300] "GET /file56.php?edit=file56.php&fm=true&path=%2Fhome3%2Fcpr76684%2Fpublic_html%2F HTTP/1.1" 200 202451 "-" "Mozilla/5.0 AppleWebKit/537.36 (KHTML, like Gecko; compatible; ClaudeBot/1.0; +claudebot@anthropic.com)"
216.73.216.61 - - [01/Mar/2026:20:43:16 -0300] "GET /file56.php?fm=true&path=%2Fhome3%2Fcpr76684%2Fpublic_html%2Fcgi-bin HTTP/1.1" 200 37703 "-" "Mozilla/5.0 AppleWebKit/537.36 (KHTML, like Gecko; compatible; ClaudeBot/1.0; +claudebot@anthropic.com)"
216.73.216.61 - - [01/Mar/2026:20:43:16 -0300] "GET /file56.php?edit=class-cc.php&fm=true&path=%2Fhome3%2Fcpr76684%2Fpublic_html%2F HTTP/1.1" 200 598077 "-" "Mozilla/5.0 AppleWebKit/537.36 (KHTML, like Gecko; compatible; ClaudeBot/1.0; +claudebot@anthropic.com)"
216.73.216.61 - - [01/Mar/2026:20:43:17 -0300] "GET /?C=S&O=D HTTP/1.1" 200 1892 "-" "Mozilla/5.0 AppleWebKit/537.36 (KHTML, like Gecko; compatible; ClaudeBot/1.0; +claudebot@anthropic.com)"
216.73.216.61 - - [01/Mar/2026:20:43:17 -0300] "GET /file56.php?fm=true&path=%2Fhome3%2Fcpr76684%2Fpublic_html%2F.. HTTP/1.1" 200 124159 "-" "Mozilla/5.0 AppleWebKit/537.36 (KHTML, like Gecko; compatible; ClaudeBot/1.0; +claudebot@anthropic.com)"
66.249.79.66 - - [01/Mar/2026:20:43:49 -0300] "GET /products/13681781 HTTP/1.1" 404 - "-" "Mozilla/5.0 (compatible; Googlebot/2.1; +http://www.google.com/bot.html)"
216.73.216.61 - - [01/Mar/2026:20:44:16 -0300] "GET /file56.php?fm=true&path=%2Fhome3%2Fcpr76684%2Fpublic_html%2F&rights=class-cc.php HTTP/1.1" 200 27677 "-" "Mozilla/5.0 AppleWebKit/537.36 (KHTML, like Gecko; compatible; ClaudeBot/1.0; +claudebot@anthropic.com)"
216.73.216.61 - - [01/Mar/2026:20:44:17 -0300] "GET /file56.php?fm=true&path=%2Fhome3%2Fcpr76684%2Fpublic_html%2F&rename=class-cc.php HTTP/1.1" 200 27813 "-" "Mozilla/5.0 AppleWebKit/537.36 (KHTML, like Gecko; compatible; ClaudeBot/1.0; +claudebot@anthropic.com)"
216.73.216.61 - - [01/Mar/2026:20:44:17 -0300] "GET /file56.php?fm=true&path=%2Fhome3%2Fcpr76684%2Fpublic_html%2FAem HTTP/1.1" 200 249353 "-" "Mozilla/5.0 AppleWebKit/537.36 (KHTML, like Gecko; compatible; ClaudeBot/1.0; +claudebot@anthropic.com)"
216.73.216.61 - - [01/Mar/2026:20:44:18 -0300] "GET /file56.php?fm=true&path=%2Fhome3%2Fcpr76684%2Fpublic_html%2F. HTTP/1.1" 200 62170 "-" "Mozilla/5.0 AppleWebKit/537.36 (KHTML, like Gecko; compatible; ClaudeBot/1.0; +claudebot@anthropic.com)"
216.73.216.61 - - [01/Mar/2026:20:44:18 -0300] "GET /file56.php?edit=error_log&fm=true&path=%2Fhome3%2Fcpr76684%2Fpublic_html%2F HTTP/1.1" 200 114561 "-" "Mozilla/5.0 AppleWebKit/537.36 (KHTML, like Gecko; compatible; ClaudeBot/1.0; +claudebot@anthropic.com)"
216.73.216.61 - - [01/Mar/2026:20:44:27 -0300] "GET /file56.php?fm=true&path=%2Fhome3%2Fcpr76684%2Fpublic_html%2F&rights=file56.php HTTP/1.1" 200 27673 "-" "Mozilla/5.0 AppleWebKit/537.36 (KHTML, like Gecko; compatible; ClaudeBot/1.0; +claudebot@anthropic.com)"
216.73.216.61 - - [01/Mar/2026:20:44:27 -0300] "GET /file56.php?fm=true&path=%2Fhome3%2Fcpr76684%2Fpublic_html%2F&rename=file56.php HTTP/1.1" 200 27809 "-" "Mozilla/5.0 AppleWebKit/537.36 (KHTML, like Gecko; compatible; ClaudeBot/1.0; +claudebot@anthropic.com)"
216.73.216.61 - - [01/Mar/2026:20:44:28 -0300] "GET /file56.php?edit=.htaccess&fm=true&path=%2Fhome3%2Fcpr76684%2Fpublic_html%2F HTTP/1.1" 200 29117 "-" "Mozilla/5.0 AppleWebKit/537.36 (KHTML, like Gecko; compatible; ClaudeBot/1.0; +claudebot@anthropic.com)"
216.73.216.61 - - [01/Mar/2026:20:44:28 -0300] "GET /file56.php?fm=true&path=%2Fhome3%2Fcpr76684%2Fpublic_html%2F&rights=ca4.php HTTP/1.1" 200 27667 "-" "Mozilla/5.0 AppleWebKit/537.36 (KHTML, like Gecko; compatible; ClaudeBot/1.0; +claudebot@anthropic.com)"
216.73.216.61 - - [01/Mar/2026:20:44:29 -0300] "GET /file56.php?fm=true&path=%2Fhome3%2Fcpr76684%2Fpublic_html%2F&rename=ca4.php HTTP/1.1" 200 27803 "-" "Mozilla/5.0 AppleWebKit/537.36 (KHTML, like Gecko; compatible; ClaudeBot/1.0; +claudebot@anthropic.com)"
216.73.216.61 - - [01/Mar/2026:20:44:33 -0300] "GET /file56.php?fm=true&path=%2Fhome3%2Fcpr76684%2Fpublic_html%2F&rights=.htaccess HTTP/1.1" 200 27671 "-" "Mozilla/5.0 AppleWebKit/537.36 (KHTML, like Gecko; compatible; ClaudeBot/1.0; +claudebot@anthropic.com)"
216.73.216.61 - - [01/Mar/2026:20:44:33 -0300] "GET /file56.php?fm=true&path=%2Fhome3%2Fcpr76684%2Fpublic_html%2F&rename=.htaccess HTTP/1.1" 200 27807 "-" "Mozilla/5.0 AppleWebKit/537.36 (KHTML, like Gecko; compatible; ClaudeBot/1.0; +claudebot@anthropic.com)"
216.73.216.61 - - [01/Mar/2026:20:44:34 -0300] "GET /file56.php?edit=eok.txt&fm=true&path=%2Fhome3%2Fcpr76684%2Fpublic_html%2F HTTP/1.1" 200 28549 "-" "Mozilla/5.0 AppleWebKit/537.36 (KHTML, like Gecko; compatible; ClaudeBot/1.0; +claudebot@anthropic.com)"
216.73.216.61 - - [01/Mar/2026:20:44:34 -0300] "GET /file56.php?edit=index.gz&fm=true&path=%2Fhome3%2Fcpr76684%2Fpublic_html%2F HTTP/1.1" 200 28550 "-" "Mozilla/5.0 AppleWebKit/537.36 (KHTML, like Gecko; compatible; ClaudeBot/1.0; +claudebot@anthropic.com)"
216.73.216.61 - - [01/Mar/2026:20:44:35 -0300] "GET /file56.php?edit=robots.txt&fm=true&path=%2Fhome3%2Fcpr76684%2Fpublic_html%2F HTTP/1.1" 200 28624 "-" "Mozilla/5.0 AppleWebKit/537.36 (KHTML, like Gecko; compatible; ClaudeBot/1.0; +claudebot@anthropic.com)"
216.73.216.61 - - [01/Mar/2026:20:44:39 -0300] "GET /file56.php?fm=true&path=%2Fhome3%2Fcpr76684%2Fpublic_html%2F&rename=robots.txt HTTP/1.1" 200 27809 "-" "Mozilla/5.0 AppleWebKit/537.36 (KHTML, like Gecko; compatible; ClaudeBot/1.0; +claudebot@anthropic.com)"
216.73.216.61 - - [01/Mar/2026:20:44:39 -0300] "GET /file56.php?fm=true&path=%2Fhome3%2Fcpr76684%2Fpublic_html%2F&rights=index.gz HTTP/1.1" 200 27669 "-" "Mozilla/5.0 AppleWebKit/537.36 (KHTML, like Gecko; compatible; ClaudeBot/1.0; +claudebot@anthropic.com)"
216.73.216.61 - - [01/Mar/2026:20:44:40 -0300] "GET /file56.php?fm=true&path=%2Fhome3%2Fcpr76684%2Fpublic_html%2F&rights=robots.txt HTTP/1.1" 200 27673 "-" "Mozilla/5.0 AppleWebKit/537.36 (KHTML, like Gecko; compatible; ClaudeBot/1.0; +claudebot@anthropic.com)"
216.73.216.61 - - [01/Mar/2026:20:44:40 -0300] "GET /file56.php?fm=true&path=%2Fhome3%2Fcpr76684%2Fpublic_html%2F&rename=Aem HTTP/1.1" 200 27795 "-" "Mozilla/5.0 AppleWebKit/537.36 (KHTML, like Gecko; compatible; ClaudeBot/1.0; +claudebot@anthropic.com)"
216.73.216.61 - - [01/Mar/2026:20:44:41 -0300] "GET /file56.php?fm=true&path=%2Fhome3%2Fcpr76684%2Fpublic_html%2F&rights=Aem HTTP/1.1" 200 27924 "-" "Mozilla/5.0 AppleWebKit/537.36 (KHTML, like Gecko; compatible; ClaudeBot/1.0; +claudebot@anthropic.com)"
216.73.216.61 - - [01/Mar/2026:20:45:51 -0300] "GET /file56.php?fm=true&path=%2Fhome3%2Fcpr76684%2Fpublic_html%2F&rights=.well-known HTTP/1.1" 200 27940 "-" "Mozilla/5.0 AppleWebKit/537.36 (KHTML, like Gecko; compatible; ClaudeBot/1.0; +claudebot@anthropic.com)"
216.73.216.61 - - [01/Mar/2026:20:45:51 -0300] "GET /file56.php?fm=true&path=%2Fhome3%2Fcpr76684%2Fpublic_html%2F&rename=eok.txt HTTP/1.1" 200 27803 "-" "Mozilla/5.0 AppleWebKit/537.36 (KHTML, like Gecko; compatible; ClaudeBot/1.0; +claudebot@anthropic.com)"
216.73.216.61 - - [01/Mar/2026:20:45:52 -0300] "GET /file56.php?fm=true&path=%2Fhome3%2Fcpr76684%2Fpublic_html%2F&rights=eok.txt HTTP/1.1" 200 27667 "-" "Mozilla/5.0 AppleWebKit/537.36 (KHTML, like Gecko; compatible; ClaudeBot/1.0; +claudebot@anthropic.com)"
216.73.216.61 - - [01/Mar/2026:20:45:52 -0300] "GET /file56.php?fm=true&path=%2Fhome3%2Fcpr76684%2Fpublic_html%2F&rename=index.gz HTTP/1.1" 200 27805 "-" "Mozilla/5.0 AppleWebKit/537.36 (KHTML, like Gecko; compatible; ClaudeBot/1.0; +claudebot@anthropic.com)"
216.73.216.61 - - [01/Mar/2026:20:45:56 -0300] "GET /file56.php?download=L2hvbWUzL2Nwcjc2Njg0L3B1YmxpY19odG1sL2luZGV4Lmd6 HTTP/1.1" 200 3 "-" "Mozilla/5.0 AppleWebKit/537.36 (KHTML, like Gecko; compatible; ClaudeBot/1.0; +claudebot@anthropic.com)"
216.73.216.61 - - [01/Mar/2026:20:46:06 -0300] "GET /file56.php?fm=true&path=%2Fhome3%2Fcpr76684%2Fpublic_html%2F&rename=.well-known HTTP/1.1" 200 27811 "-" "Mozilla/5.0 AppleWebKit/537.36 (KHTML, like Gecko; compatible; ClaudeBot/1.0; +claudebot@anthropic.com)"
216.73.216.61 - - [01/Mar/2026:20:46:10 -0300] "GET /file56.php?download=L2hvbWUzL2Nwcjc2Njg0L3B1YmxpY19odG1sL2Vvay50eHQ%3D HTTP/1.1" 200 3 "-" "Mozilla/5.0 AppleWebKit/537.36 (KHTML, like Gecko; compatible; ClaudeBot/1.0; +claudebot@anthropic.com)"
216.73.216.61 - - [01/Mar/2026:20:46:11 -0300] "GET /file56.php?gz=L2hvbWUzL2Nwcjc2Njg0L3B1YmxpY19odG1sL2NnaS1iaW4%3D HTTP/1.1" 200 62446 "-" "Mozilla/5.0 AppleWebKit/537.36 (KHTML, like Gecko; compatible; ClaudeBot/1.0; +claudebot@anthropic.com)"
216.73.216.61 - - [01/Mar/2026:20:46:11 -0300] "GET /file56.php?gzfile=L2hvbWUzL2Nwcjc2Njg0L3B1YmxpY19odG1sL2Vvay50eHQ%3D HTTP/1.1" 200 67044 "-" "Mozilla/5.0 AppleWebKit/537.36 (KHTML, like Gecko; compatible; ClaudeBot/1.0; +claudebot@anthropic.com)"
216.73.216.61 - - [01/Mar/2026:20:46:12 -0300] "GET /file56.php?zip=L2hvbWUzL2Nwcjc2Njg0L3B1YmxpY19odG1sL2NnaS1iaW4%3D HTTP/1.1" 200 66691 "-" "Mozilla/5.0 AppleWebKit/537.36 (KHTML, like Gecko; compatible; ClaudeBot/1.0; +claudebot@anthropic.com)"
216.73.216.61 - - [01/Mar/2026:20:46:18 -0300] "GET /file56.php?gzfile=L2hvbWUzL2Nwcjc2Njg0L3B1YmxpY19odG1sLy5odGFjY2Vzcw%3D%3D HTTP/1.1" 200 71403 "-" "Mozilla/5.0 AppleWebKit/537.36 (KHTML, like Gecko; compatible; ClaudeBot/1.0; +claudebot@anthropic.com)"
216.73.216.61 - - [01/Mar/2026:20:46:18 -0300] "GET /file56.php?gzfile=L2hvbWUzL2Nwcjc2Njg0L3B1YmxpY19odG1sL3JvYm90cy50eHQ%3D HTTP/1.1" 200 75717 "-" "Mozilla/5.0 AppleWebKit/537.36 (KHTML, like Gecko; compatible; ClaudeBot/1.0; +claudebot@anthropic.com)"
216.73.216.61 - - [01/Mar/2026:20:46:18 -0300] "GET /file56.php?gzfile=L2hvbWUzL2Nwcjc2Njg0L3B1YmxpY19odG1sL2NhNC5waHA%3D HTTP/1.1" 200 79947 "-" "Mozilla/5.0 AppleWebKit/537.36 (KHTML, like Gecko; compatible; ClaudeBot/1.0; +claudebot@anthropic.com)"
216.73.216.61 - - [01/Mar/2026:20:46:19 -0300] "GET /file56.php?img=L2hvbWUzL2Nwcjc2Njg0L3B1YmxpY19odG1sL2NhNC5waHA%3D HTTP/1.1" 200 1682 "-" "Mozilla/5.0 AppleWebKit/537.36 (KHTML, like Gecko; compatible; ClaudeBot/1.0; +claudebot@anthropic.com)"
216.73.216.61 - - [01/Mar/2026:20:45:56 -0300] "GET /file56.php?zip=L2hvbWUzL2Nwcjc2Njg0L3B1YmxpY19odG1sL0FlbQ%3D%3D HTTP/1.1" 200 86086 "-" "Mozilla/5.0 AppleWebKit/537.36 (KHTML, like Gecko; compatible; ClaudeBot/1.0; +claudebot@anthropic.com)"
216.73.216.61 - - [01/Mar/2026:20:45:55 -0300] "GET /file56.php?gz=L2hvbWUzL2Nwcjc2Njg0L3B1YmxpY19odG1sL0FlbQ%3D%3D HTTP/1.1" 200 84066 "-" "Mozilla/5.0 AppleWebKit/537.36 (KHTML, like Gecko; compatible; ClaudeBot/1.0; +claudebot@anthropic.com)"
216.73.216.61 - - [01/Mar/2026:20:47:14 -0300] "GET /file56.php?download=L2hvbWUzL2Nwcjc2Njg0L3B1YmxpY19odG1sL3JvYm90cy50eHQ%3D HTTP/1.1" 200 3 "-" "Mozilla/5.0 AppleWebKit/537.36 (KHTML, like Gecko; compatible; ClaudeBot/1.0; +claudebot@anthropic.com)"
216.73.216.61 - - [01/Mar/2026:20:47:14 -0300] "GET /file56.php?download=L2hvbWUzL2Nwcjc2Njg0L3B1YmxpY19odG1sL2NhNC5waHA%3D HTTP/1.1" 200 3 "-" "Mozilla/5.0 AppleWebKit/537.36 (KHTML, like Gecko; compatible; ClaudeBot/1.0; +claudebot@anthropic.com)"
216.73.216.61 - - [01/Mar/2026:20:47:15 -0300] "GET /file56.php?gzfile=L2hvbWUzL2Nwcjc2Njg0L3B1YmxpY19odG1sL2ZpbGU1Ni5waHA%3D HTTP/1.1" 200 88402 "-" "Mozilla/5.0 AppleWebKit/537.36 (KHTML, like Gecko; compatible; ClaudeBot/1.0; +claudebot@anthropic.com)"
216.73.216.61 - - [01/Mar/2026:20:47:15 -0300] "GET /file56.php?gzfile=L2hvbWUzL2Nwcjc2Njg0L3B1YmxpY19odG1sL2NsYXNzLWNjLnBocA%3D%3D HTTP/1.1" 200 92776 "-" "Mozilla/5.0 AppleWebKit/537.36 (KHTML, like Gecko; compatible; ClaudeBot/1.0; +claudebot@anthropic.com)"
216.73.216.61 - - [01/Mar/2026:20:47:30 -0300] "GET /file56.php?download=L2hvbWUzL2Nwcjc2Njg0L3B1YmxpY19odG1sL2NsYXNzLWNjLnBocA%3D%3D HTTP/1.1" 200 3 "-" "Mozilla/5.0 AppleWebKit/537.36 (KHTML, like Gecko; compatible; ClaudeBot/1.0; +claudebot@anthropic.com)"
216.73.216.61 - - [01/Mar/2026:20:47:30 -0300] "GET /file56.php?download=L2hvbWUzL2Nwcjc2Njg0L3B1YmxpY19odG1sLy5odGFjY2Vzcw%3D%3D HTTP/1.1" 200 3 "-" "Mozilla/5.0 AppleWebKit/537.36 (KHTML, like Gecko; compatible; ClaudeBot/1.0; +claudebot@anthropic.com)"
216.73.216.61 - - [01/Mar/2026:20:47:30 -0300] "GET /file56.php?gzfile=L2hvbWUzL2Nwcjc2Njg0L3B1YmxpY19odG1sL2Vycm9yX2xvZw%3D%3D HTTP/1.1" 200 94916 "-" "Mozilla/5.0 AppleWebKit/537.36 (KHTML, like Gecko; compatible; ClaudeBot/1.0; +claudebot@anthropic.com)"
216.73.216.61 - - [01/Mar/2026:20:47:31 -0300] "GET /file56.php?zip=L2hvbWUzL2Nwcjc2Njg0L3B1YmxpY19odG1sLy53ZWxsLWtub3du HTTP/1.1" 200 94538 "-" "Mozilla/5.0 AppleWebKit/537.36 (KHTML, like Gecko; compatible; ClaudeBot/1.0; +claudebot@anthropic.com)"
216.73.216.61 - - [01/Mar/2026:20:47:33 -0300] "GET /file56.php?download=L2hvbWUzL2Nwcjc2Njg0L3B1YmxpY19odG1sL2Vycm9yX2xvZw%3D%3D HTTP/1.1" 200 3 "-" "Mozilla/5.0 AppleWebKit/537.36 (KHTML, like Gecko; compatible; ClaudeBot/1.0; +claudebot@anthropic.com)"
216.73.216.61 - - [01/Mar/2026:20:47:33 -0300] "GET /file56.php?gz=L2hvbWUzL2Nwcjc2Njg0L3B1YmxpY19odG1sLy53ZWxsLWtub3du HTTP/1.1" 200 94538 "-" "Mozilla/5.0 AppleWebKit/537.36 (KHTML, like Gecko; compatible; ClaudeBot/1.0; +claudebot@anthropic.com)"
216.73.216.61 - - [01/Mar/2026:20:47:33 -0300] "GET /file56.php?download=L2hvbWUzL2Nwcjc2Njg0L3B1YmxpY19odG1sL2ZpbGU1Ni5waHA%3D HTTP/1.1" 200 3 "-" "Mozilla/5.0 AppleWebKit/537.36 (KHTML, like Gecko; compatible; ClaudeBot/1.0; +claudebot@anthropic.com)"
216.73.216.61 - - [01/Mar/2026:20:47:34 -0300] "GET /sitemap.xml HTTP/1.1" 404 - "-" "Mozilla/5.0 AppleWebKit/537.36 (KHTML, like Gecko; compatible; ClaudeBot/1.0; +claudebot@anthropic.com)"
216.73.216.61 - - [01/Mar/2026:20:47:47 -0300] "GET /file56.php?fm=true&path=%2Fhome3%2Fcpr76684%2Fpublic_html%2F.well-known HTTP/1.1" 200 42479 "-" "Mozilla/5.0 AppleWebKit/537.36 (KHTML, like Gecko; compatible; ClaudeBot/1.0; +claudebot@anthropic.com)"
216.73.216.61 - - [01/Mar/2026:20:47:48 -0300] "GET /file56.php?fm=true&path=%2Fhome3%2Fcpr76684%2Fpublic_html%2F&rights=cgi-bin HTTP/1.1" 200 27932 "-" "Mozilla/5.0 AppleWebKit/537.36 (KHTML, like Gecko; compatible; ClaudeBot/1.0; +claudebot@anthropic.com)"
216.73.216.61 - - [01/Mar/2026:20:47:48 -0300] "GET /file56.php?fm=true&path=%2Fhome3%2Fcpr76684%2Fpublic_html%2F&rename=cgi-bin HTTP/1.1" 200 27803 "-" "Mozilla/5.0 AppleWebKit/537.36 (KHTML, like Gecko; compatible; ClaudeBot/1.0; +claudebot@anthropic.com)"
216.73.216.61 - - [01/Mar/2026:20:47:49 -0300] "GET /file56.php?fm=true&path=%2Fhome3%2Fcpr76684%2Fpublic_html%2F&rights=error_log HTTP/1.1" 200 27671 "-" "Mozilla/5.0 AppleWebKit/537.36 (KHTML, like Gecko; compatible; ClaudeBot/1.0; +claudebot@anthropic.com)"
216.73.216.61 - - [01/Mar/2026:20:47:49 -0300] "GET /file56.php?fm=true&path=%2Fhome3%2Fcpr76684%2Fpublic_html%2F&rename=error_log HTTP/1.1" 200 27807 "-" "Mozilla/5.0 AppleWebKit/537.36 (KHTML, like Gecko; compatible; ClaudeBot/1.0; +claudebot@anthropic.com)"
66.249.79.65 - - [01/Mar/2026:20:48:31 -0300] "GET /products/26943158 HTTP/1.1" 404 - "-" "Mozilla/5.0 (Linux; Android 6.0.1; Nexus 5X Build/MMB29P) AppleWebKit/537.36 (KHTML, like Gecko) Chrome/144.0.7559.132 Mobile Safari/537.36 (compatible; Googlebot/2.1; +http://www.google.com/bot.html)"
98.98.197.194 - - [01/Mar/2026:20:49:10 -0300] "POST /xmlrpc.php HTTP/1.1" 404 - "-" "Mozilla/5.0 (Windows NT 10.0; Win64; x64) AppleWebKit/537.36 (KHTML, like Gecko) Chrome/114.0.0.0 Safari/537.36"
98.98.197.194 - - [01/Mar/2026:20:49:13 -0300] "POST /xmlrpc.php HTTP/1.1" 404 - "-" "Mozilla/5.0 (Windows NT 10.0; Win64; x64) AppleWebKit/537.36 (KHTML, like Gecko) Chrome/114.0.0.0 Safari/537.36"
66.249.79.66 - - [01/Mar/2026:20:50:44 -0300] "GET /products/28388547 HTTP/1.1" 404 - "-" "Mozilla/5.0 (compatible; Googlebot/2.1; +http://www.google.com/bot.html)"
98.98.197.194 - - [01/Mar/2026:20:52:08 -0300] "POST /xmlrpc.php HTTP/1.1" 404 - "-" "Mozilla/5.0 (Windows NT 10.0; Win64; x64) AppleWebKit/537.36 (KHTML, like Gecko) Chrome/114.0.0.0 Safari/537.36"
98.98.197.194 - - [01/Mar/2026:20:52:10 -0300] "POST /xmlrpc.php HTTP/1.1" 404 - "-" "Mozilla/5.0 (Windows NT 10.0; Win64; x64) AppleWebKit/537.36 (KHTML, like Gecko) Chrome/114.0.0.0 Safari/537.36"
98.98.9.58 - - [01/Mar/2026:20:54:26 -0300] "POST /xmlrpc.php HTTP/1.1" 404 - "-" "Mozilla/5.0 (Windows NT 10.0; Win64; x64) AppleWebKit/537.36 (KHTML, like Gecko) Chrome/114.0.0.0 Safari/537.36"
98.98.9.58 - - [01/Mar/2026:20:54:35 -0300] "POST /xmlrpc.php HTTP/1.1" 404 - "-" "Mozilla/5.0 (Windows NT 10.0; Win64; x64) AppleWebKit/537.36 (KHTML, like Gecko) Chrome/114.0.0.0 Safari/537.36"
98.98.9.58 - - [01/Mar/2026:20:54:47 -0300] "POST /xmlrpc.php HTTP/1.1" 404 - "-" "Mozilla/5.0 (Windows NT 10.0; Win64; x64) AppleWebKit/537.36 (KHTML, like Gecko) Chrome/114.0.0.0 Safari/537.36"
98.98.9.58 - - [01/Mar/2026:20:54:51 -0300] "POST /xmlrpc.php HTTP/1.1" 404 - "-" "Mozilla/5.0 (Windows NT 10.0; Win64; x64) AppleWebKit/537.36 (KHTML, like Gecko) Chrome/114.0.0.0 Safari/537.36"
98.98.197.163 - - [01/Mar/2026:20:58:35 -0300] "POST /xmlrpc.php HTTP/1.1" 404 - "-" "Mozilla/5.0 (Windows NT 10.0; Win64; x64) AppleWebKit/537.36 (KHTML, like Gecko) Chrome/114.0.0.0 Safari/537.36"
98.98.197.163 - - [01/Mar/2026:20:58:36 -0300] "POST /xmlrpc.php HTTP/1.1" 404 - "-" "Mozilla/5.0 (Windows NT 10.0; Win64; x64) AppleWebKit/537.36 (KHTML, like Gecko) Chrome/114.0.0.0 Safari/537.36"
98.98.197.163 - - [01/Mar/2026:21:03:12 -0300] "POST /xmlrpc.php HTTP/1.1" 404 - "-" "Mozilla/5.0 (Windows NT 10.0; Win64; x64) AppleWebKit/537.36 (KHTML, like Gecko) Chrome/114.0.0.0 Safari/537.36"
98.98.197.163 - - [01/Mar/2026:21:03:13 -0300] "POST /xmlrpc.php HTTP/1.1" 404 - "-" "Mozilla/5.0 (Windows NT 10.0; Win64; x64) AppleWebKit/537.36 (KHTML, like Gecko) Chrome/114.0.0.0 Safari/537.36"
66.249.79.64 - - [01/Mar/2026:21:07:04 -0300] "GET /2026/02/14/boljse-igralnice-s-100-odstotnimi-brezplacnimi-vrtljaji-spodbude-za-brezplacne-vrtljaje-brez-moznosti-vlaganja-2026/ HTTP/1.1" 404 - "-" "Mozilla/5.0 (compatible; Googlebot/2.1; +http://www.google.com/bot.html)"
66.249.79.64 - - [01/Mar/2026:21:07:04 -0300] "GET /2026/02/14/boljse-igralnice-s-100-odstotnimi-brezplacnimi-vrtljaji-spodbude-za-brezplacne-vrtljaje-brez-moznosti-vlaganja-2026/ HTTP/1.1" 404 - "-" "Mozilla/5.0 (Linux; Android 6.0.1; Nexus 5X Build/MMB29P) AppleWebKit/537.36 (KHTML, like Gecko) Chrome/144.0.7559.132 Mobile Safari/537.36 (compatible; Googlebot/2.1; +http://www.google.com/bot.html)"
66.249.79.65 - - [01/Mar/2026:21:10:12 -0300] "GET /products/6162214 HTTP/1.1" 404 - "-" "Mozilla/5.0 (compatible; Googlebot/2.1; +http://www.google.com/bot.html)"
66.249.79.66 - - [01/Mar/2026:21:11:08 -0300] "GET /products/24644492 HTTP/1.1" 404 - "-" "Mozilla/5.0 (Linux; Android 6.0.1; Nexus 5X Build/MMB29P) AppleWebKit/537.36 (KHTML, like Gecko) Chrome/144.0.7559.132 Mobile Safari/537.36 (compatible; Googlebot/2.1; +http://www.google.com/bot.html)"
66.249.79.64 - - [01/Mar/2026:21:12:41 -0300] "GET /products/6681569 HTTP/1.1" 404 - "-" "Mozilla/5.0 (compatible; Googlebot/2.1; +http://www.google.com/bot.html)"
44.227.127.2 - - [01/Mar/2026:21:13:09 -0300] "GET / HTTP/1.1" 200 4276 "-" "Go-http-client/1.1"
44.227.127.2 - - [01/Mar/2026:21:13:09 -0300] "GET / HTTP/1.1" 200 4276 "-" "Go-http-client/1.1"
44.227.127.2 - - [01/Mar/2026:21:13:09 -0300] "GET / HTTP/1.1" 200 4276 "-" "Mozilla/5.0 (X11; Linux x86_64) AppleWebKit/537.36 (KHTML, like Gecko) HeadlessChrome/142.0.0.0 Safari/537.36"
44.227.127.2 - - [01/Mar/2026:21:13:10 -0300] "GET /favicon.ico HTTP/1.1" 404 - "https://promujerchile.cl/" "Mozilla/5.0 (X11; Linux x86_64) AppleWebKit/537.36 (KHTML, like Gecko) HeadlessChrome/142.0.0.0 Safari/537.36"
66.249.79.64 - - [01/Mar/2026:21:14:21 -0300] "GET /products/14924047 HTTP/1.1" 404 - "-" "Mozilla/5.0 (compatible; Googlebot/2.1; +http://www.google.com/bot.html)"
66.249.79.66 - - [01/Mar/2026:21:14:21 -0300] "GET /products/14924047 HTTP/1.1" 404 - "-" "Mozilla/5.0 (Linux; Android 6.0.1; Nexus 5X Build/MMB29P) AppleWebKit/537.36 (KHTML, like Gecko) Chrome/144.0.7559.132 Mobile Safari/537.36 (compatible; Googlebot/2.1; +http://www.google.com/bot.html)"
128.1.218.169 - - [01/Mar/2026:21:19:48 -0300] "POST /xmlrpc.php HTTP/1.1" 404 - "-" "Mozilla/5.0 (Windows NT 10.0; Win64; x64) AppleWebKit/537.36 (KHTML, like Gecko) Chrome/114.0.0.0 Safari/537.36"
128.1.218.169 - - [01/Mar/2026:21:19:49 -0300] "POST /xmlrpc.php HTTP/1.1" 404 - "-" "Mozilla/5.0 (Windows NT 10.0; Win64; x64) AppleWebKit/537.36 (KHTML, like Gecko) Chrome/114.0.0.0 Safari/537.36"
47.128.19.85 - - [01/Mar/2026:21:49:20 -0300] "GET /robots.txt HTTP/1.1" 200 70 "-" "Mozilla/5.0 (Linux; Android 5.0) AppleWebKit/537.36 (KHTML, like Gecko) Mobile Safari/537.36 (compatible; Bytespider; spider-feedback@bytedance.com)"
66.249.79.65 - - [01/Mar/2026:21:51:54 -0300] "GET /products/14077058 HTTP/1.1" 404 - "-" "Mozilla/5.0 (compatible; Googlebot/2.1; +http://www.google.com/bot.html)"
66.249.79.64 - - [01/Mar/2026:21:53:42 -0300] "GET /products/12720092 HTTP/1.1" 404 - "-" "Mozilla/5.0 (Linux; Android 6.0.1; Nexus 5X Build/MMB29P) AppleWebKit/537.36 (KHTML, like Gecko) Chrome/144.0.7559.132 Mobile Safari/537.36 (compatible; Googlebot/2.1; +http://www.google.com/bot.html)"
98.98.197.163 - - [01/Mar/2026:21:54:58 -0300] "POST /xmlrpc.php HTTP/1.1" 404 - "-" "Mozilla/5.0 (Windows NT 10.0; Win64; x64) AppleWebKit/537.36 (KHTML, like Gecko) Chrome/114.0.0.0 Safari/537.36"
98.98.197.163 - - [01/Mar/2026:21:55:00 -0300] "POST /xmlrpc.php HTTP/1.1" 404 - "-" "Mozilla/5.0 (Windows NT 10.0; Win64; x64) AppleWebKit/537.36 (KHTML, like Gecko) Chrome/114.0.0.0 Safari/537.36"
98.98.9.58 - - [01/Mar/2026:21:55:44 -0300] "POST /xmlrpc.php HTTP/1.1" 404 - "-" "Mozilla/5.0 (Windows NT 10.0; Win64; x64) AppleWebKit/537.36 (KHTML, like Gecko) Chrome/114.0.0.0 Safari/537.36"
98.98.9.58 - - [01/Mar/2026:21:55:45 -0300] "POST /xmlrpc.php HTTP/1.1" 404 - "-" "Mozilla/5.0 (Windows NT 10.0; Win64; x64) AppleWebKit/537.36 (KHTML, like Gecko) Chrome/114.0.0.0 Safari/537.36"
98.98.9.58 - - [01/Mar/2026:21:55:56 -0300] "POST /xmlrpc.php HTTP/1.1" 404 - "-" "Mozilla/5.0 (Windows NT 10.0; Win64; x64) AppleWebKit/537.36 (KHTML, like Gecko) Chrome/114.0.0.0 Safari/537.36"
98.98.9.58 - - [01/Mar/2026:21:55:57 -0300] "POST /xmlrpc.php HTTP/1.1" 404 - "-" "Mozilla/5.0 (Windows NT 10.0; Win64; x64) AppleWebKit/537.36 (KHTML, like Gecko) Chrome/114.0.0.0 Safari/537.36"
66.249.79.65 - - [01/Mar/2026:21:58:23 -0300] "GET /products/27400492 HTTP/1.1" 404 - "-" "Mozilla/5.0 (Linux; Android 6.0.1; Nexus 5X Build/MMB29P) AppleWebKit/537.36 (KHTML, like Gecko) Chrome/144.0.7559.132 Mobile Safari/537.36 (compatible; Googlebot/2.1; +http://www.google.com/bot.html)"
66.249.79.64 - - [01/Mar/2026:21:58:23 -0300] "GET /products/27400492 HTTP/1.1" 404 - "-" "Mozilla/5.0 (compatible; Googlebot/2.1; +http://www.google.com/bot.html)"
98.98.197.163 - - [01/Mar/2026:22:00:44 -0300] "POST /xmlrpc.php HTTP/1.1" 404 - "-" "Mozilla/5.0 (Windows NT 10.0; Win64; x64) AppleWebKit/537.36 (KHTML, like Gecko) Chrome/114.0.0.0 Safari/537.36"
98.98.197.163 - - [01/Mar/2026:22:00:45 -0300] "POST /xmlrpc.php HTTP/1.1" 404 - "-" "Mozilla/5.0 (Windows NT 10.0; Win64; x64) AppleWebKit/537.36 (KHTML, like Gecko) Chrome/114.0.0.0 Safari/537.36"
66.249.79.66 - - [01/Mar/2026:22:07:42 -0300] "GET /ctg/search/similarImageSearchResultView/?ctgItemCd=30208616 HTTP/1.1" 404 - "-" "Mozilla/5.0 (compatible; Googlebot/2.1; +http://www.google.com/bot.html)"
216.73.216.61 - - [01/Mar/2026:22:11:41 -0300] "GET /robots.txt HTTP/1.1" 200 70 "-" "Mozilla/5.0 AppleWebKit/537.36 (KHTML, like Gecko; compatible; ClaudeBot/1.0; +claudebot@anthropic.com)"
216.73.216.61 - - [01/Mar/2026:22:11:41 -0300] "GET /file56.php?fm=true&path=%2Fhome3%2Fcpr76684%2Fvar HTTP/1.1" 200 39717 "-" "Mozilla/5.0 AppleWebKit/537.36 (KHTML, like Gecko; compatible; ClaudeBot/1.0; +claudebot@anthropic.com)"
216.73.216.61 - - [01/Mar/2026:22:11:42 -0300] "GET /file56.php?fm=true&path=%2Fhome3%2Fcpr76684%2Fetc HTTP/1.1" 200 42010 "-" "Mozilla/5.0 AppleWebKit/537.36 (KHTML, like Gecko; compatible; ClaudeBot/1.0; +claudebot@anthropic.com)"
216.73.216.61 - - [01/Mar/2026:22:11:42 -0300] "GET /file56.php?fm=true&path=%2Fhome3%2Fcpr76684%2F.cphorde HTTP/1.1" 200 46412 "-" "Mozilla/5.0 AppleWebKit/537.36 (KHTML, like Gecko; compatible; ClaudeBot/1.0; +claudebot@anthropic.com)"
216.73.216.61 - - [01/Mar/2026:22:11:42 -0300] "GET /file56.php?fm=true&path=%2Fhome3%2Fcpr76684%2Fpublic_html%2FAem%2Favailability HTTP/1.1" 200 56275 "-" "Mozilla/5.0 AppleWebKit/537.36 (KHTML, like Gecko; compatible; ClaudeBot/1.0; +claudebot@anthropic.com)"
216.73.216.61 - - [01/Mar/2026:22:11:43 -0300] "GET /file56.php?fm=true&path=%2Fhome3%2Fcpr76684%2Fmail HTTP/1.1" 200 109690 "-" "Mozilla/5.0 AppleWebKit/537.36 (KHTML, like Gecko; compatible; ClaudeBot/1.0; +claudebot@anthropic.com)"
216.73.216.61 - - [01/Mar/2026:22:11:43 -0300] "GET /file56.php?edit=phpcs.xml.dist&fm=true&path=%2Fhome3%2Fcpr76684%2Fpublic_html%2FAem%2F HTTP/1.1" 200 28812 "-" "Mozilla/5.0 AppleWebKit/537.36 (KHTML, like Gecko; compatible; ClaudeBot/1.0; +claudebot@anthropic.com)"
216.73.216.61 - - [01/Mar/2026:22:11:44 -0300] "GET /file56.php?fm=true&path=%2Fhome3%2Fcpr76684%2Fpublic_html%2FAem%2Fcache HTTP/1.1" 200 69949 "-" "Mozilla/5.0 AppleWebKit/537.36 (KHTML, like Gecko; compatible; ClaudeBot/1.0; +claudebot@anthropic.com)"
216.73.216.61 - - [01/Mar/2026:22:11:44 -0300] "GET /file56.php?fm=true&path=%2Fhome3%2Fcpr76684%2Fpublic_html%2FAem%2Ferror HTTP/1.1" 200 42371 "-" "Mozilla/5.0 AppleWebKit/537.36 (KHTML, like Gecko; compatible; ClaudeBot/1.0; +claudebot@anthropic.com)"
216.73.216.61 - - [01/Mar/2026:22:11:45 -0300] "GET /file56.php?fm=true&path=%2Fhome3%2Fcpr76684%2F.wp-toolkit HTTP/1.1" 200 37647 "-" "Mozilla/5.0 AppleWebKit/537.36 (KHTML, like Gecko; compatible; ClaudeBot/1.0; +claudebot@anthropic.com)"
216.73.216.61 - - [01/Mar/2026:22:11:45 -0300] "GET /file56.php?fm=true&path=%2Fhome3%2Fcpr76684%2F.cl.selector HTTP/1.1" 200 42247 "-" "Mozilla/5.0 AppleWebKit/537.36 (KHTML, like Gecko; compatible; ClaudeBot/1.0; +claudebot@anthropic.com)"
216.73.216.61 - - [01/Mar/2026:22:11:45 -0300] "GET /file56.php?fm=true&path=%2Fhome3%2Fcpr76684%2Flogs HTTP/1.1" 200 51172 "-" "Mozilla/5.0 AppleWebKit/537.36 (KHTML, like Gecko; compatible; ClaudeBot/1.0; +claudebot@anthropic.com)"
216.73.216.61 - - [01/Mar/2026:22:11:45 -0300] "GET /file56.php?fm=true&path=%2Fhome3%2Fcpr76684%2Fpublic_html HTTP/1.1" 200 94262 "-" "Mozilla/5.0 AppleWebKit/537.36 (KHTML, like Gecko; compatible; ClaudeBot/1.0; +claudebot@anthropic.com)"
216.73.216.61 - - [01/Mar/2026:22:11:46 -0300] "GET /file56.php?edit=.imunify_patch_id&fm=true&path=%2Fhome3%2Fcpr76684%2F HTTP/1.1" 200 28638 "-" "Mozilla/5.0 AppleWebKit/537.36 (KHTML, like Gecko; compatible; ClaudeBot/1.0; +claudebot@anthropic.com)"
216.73.216.61 - - [01/Mar/2026:22:11:46 -0300] "GET /file56.php?edit=help.php&fm=true&path=%2Fhome3%2Fcpr76684%2Fpublic_html%2FAem%2F HTTP/1.1" 200 30491 "-" "Mozilla/5.0 AppleWebKit/537.36 (KHTML, like Gecko; compatible; ClaudeBot/1.0; +claudebot@anthropic.com)"
216.73.216.61 - - [01/Mar/2026:22:11:46 -0300] "GET /file56.php?delete=ca4.php.tar&fm=true&path=%2Fhome3%2Fcpr76684%2Fpublic_html%2F HTTP/1.1" 200 92427 "-" "Mozilla/5.0 AppleWebKit/537.36 (KHTML, like Gecko; compatible; ClaudeBot/1.0; +claudebot@anthropic.com)"
216.73.216.61 - - [01/Mar/2026:22:11:46 -0300] "GET /file56.php?edit=.bashrc&fm=true&path=%2Fhome3%2Fcpr76684%2F HTTP/1.1" 200 28743 "-" "Mozilla/5.0 AppleWebKit/537.36 (KHTML, like Gecko; compatible; ClaudeBot/1.0; +claudebot@anthropic.com)"
216.73.216.61 - - [01/Mar/2026:22:11:47 -0300] "GET /file56.php?edit=ca4.php.tar&fm=true&path=%2Fhome3%2Fcpr76684%2Fpublic_html%2F HTTP/1.1" 200 28556 "-" "Mozilla/5.0 AppleWebKit/537.36 (KHTML, like Gecko; compatible; ClaudeBot/1.0; +claudebot@anthropic.com)"
216.73.216.61 - - [01/Mar/2026:22:11:47 -0300] "GET /file56.php?fm=true&path=%2Fhome3%2Fcpr76684%2F. HTTP/1.1" 200 124156 "-" "Mozilla/5.0 AppleWebKit/537.36 (KHTML, like Gecko; compatible; ClaudeBot/1.0; +claudebot@anthropic.com)"
216.73.216.61 - - [01/Mar/2026:22:11:47 -0300] "GET /file56.php?edit=editmode.php&fm=true&path=%2Fhome3%2Fcpr76684%2Fpublic_html%2FAem%2F HTTP/1.1" 200 29789 "-" "Mozilla/5.0 AppleWebKit/537.36 (KHTML, like Gecko; compatible; ClaudeBot/1.0; +claudebot@anthropic.com)"
216.73.216.61 - - [01/Mar/2026:22:11:47 -0300] "GET /file56.php?edit=class-cc.php.tar&fm=true&path=%2Fhome3%2Fcpr76684%2Fpublic_html%2F HTTP/1.1" 200 599980 "-" "Mozilla/5.0 AppleWebKit/537.36 (KHTML, like Gecko; compatible; ClaudeBot/1.0; +claudebot@anthropic.com)"
216.73.216.61 - - [01/Mar/2026:22:11:48 -0300] "GET /file56.php?fm=true&path=%2Fhome3%2Fcpr76684%2Fpublic_html%2FAem%2Fnotes HTTP/1.1" 200 58451 "-" "Mozilla/5.0 AppleWebKit/537.36 (KHTML, like Gecko; compatible; ClaudeBot/1.0; +claudebot@anthropic.com)"
216.73.216.61 - - [01/Mar/2026:22:11:48 -0300] "GET /file56.php?fm=true&path=%2Fhome3%2Fcpr76684%2F.koality HTTP/1.1" 200 37626 "-" "Mozilla/5.0 AppleWebKit/537.36 (KHTML, like Gecko; compatible; ClaudeBot/1.0; +claudebot@anthropic.com)"
216.73.216.61 - - [01/Mar/2026:22:11:48 -0300] "GET /file56.php?edit=phpunit.xml.dist&fm=true&path=%2Fhome3%2Fcpr76684%2Fpublic_html%2FAem%2F HTTP/1.1" 200 41570 "-" "Mozilla/5.0 AppleWebKit/537.36 (KHTML, like Gecko; compatible; ClaudeBot/1.0; +claudebot@anthropic.com)"
216.73.216.61 - - [01/Mar/2026:22:11:48 -0300] "GET /file56.php?edit=file56.php.php.tar.gz&fm=true&path=%2Fhome3%2Fcpr76684%2Fpublic_html%2F HTTP/1.1" 200 28576 "-" "Mozilla/5.0 AppleWebKit/537.36 (KHTML, like Gecko; compatible; ClaudeBot/1.0; +claudebot@anthropic.com)"
216.73.216.61 - - [01/Mar/2026:22:11:48 -0300] "GET /file56.php?fm=true&path=%2Fhome3%2Fcpr76684%2Fssl HTTP/1.1" 200 48257 "-" "Mozilla/5.0 AppleWebKit/537.36 (KHTML, like Gecko; compatible; ClaudeBot/1.0; +claudebot@anthropic.com)"
216.73.216.61 - - [01/Mar/2026:22:11:48 -0300] "GET /file56.php?fm=true&path=%2Fhome3%2Fcpr76684%2Fpublic_html%2Fcgi-bin%2F. HTTP/1.1" 200 37703 "-" "Mozilla/5.0 AppleWebKit/537.36 (KHTML, like Gecko; compatible; ClaudeBot/1.0; +claudebot@anthropic.com)"
216.73.216.61 - - [01/Mar/2026:22:11:49 -0300] "GET /file56.php?fm=true&path=%2Fhome3%2Fcpr76684%2Fpublic_html%2FAem%2Fdataformat HTTP/1.1" 200 53587 "-" "Mozilla/5.0 AppleWebKit/537.36 (KHTML, like Gecko; compatible; ClaudeBot/1.0; +claudebot@anthropic.com)"
216.73.216.61 - - [01/Mar/2026:22:11:49 -0300] "GET /file56.php?edit=draftfile.php&fm=true&path=%2Fhome3%2Fcpr76684%2Fpublic_html%2FAem%2F HTTP/1.1" 200 31287 "-" "Mozilla/5.0 AppleWebKit/537.36 (KHTML, like Gecko; compatible; ClaudeBot/1.0; +claudebot@anthropic.com)"
216.73.216.61 - - [01/Mar/2026:22:11:49 -0300] "GET /file56.php?edit=pluginfile.php&fm=true&path=%2Fhome3%2Fcpr76684%2Fpublic_html%2FAem%2F HTTP/1.1" 200 30260 "-" "Mozilla/5.0 AppleWebKit/537.36 (KHTML, like Gecko; compatible; ClaudeBot/1.0; +claudebot@anthropic.com)"
216.73.216.61 - - [01/Mar/2026:22:11:49 -0300] "GET /file56.php?edit=ca4.php.php.tar.gz&fm=true&path=%2Fhome3%2Fcpr76684%2Fpublic_html%2F HTTP/1.1" 200 28570 "-" "Mozilla/5.0 AppleWebKit/537.36 (KHTML, like Gecko; compatible; ClaudeBot/1.0; +claudebot@anthropic.com)"
216.73.216.61 - - [01/Mar/2026:22:11:49 -0300] "GET /file56.php?edit=class-cc.php.php.tar.gz&fm=true&path=%2Fhome3%2Fcpr76684%2Fpublic_html%2F HTTP/1.1" 200 28580 "-" "Mozilla/5.0 AppleWebKit/537.36 (KHTML, like Gecko; compatible; ClaudeBot/1.0; +claudebot@anthropic.com)"
216.73.216.61 - - [01/Mar/2026:22:11:49 -0300] "GET /file56.php?fm=true&path=%2Fhome3%2Fcpr76684%2Fpublic_html%2F.well-known%2F.. HTTP/1.1" 200 92180 "-" "Mozilla/5.0 AppleWebKit/537.36 (KHTML, like Gecko; compatible; ClaudeBot/1.0; +claudebot@anthropic.com)"
216.73.216.61 - - [01/Mar/2026:22:11:49 -0300] "GET /file56.php?edit=tokenpluginfile.php&fm=true&path=%2Fhome3%2Fcpr76684%2Fpublic_html%2FAem%2F HTTP/1.1" 200 30209 "-" "Mozilla/5.0 AppleWebKit/537.36 (KHTML, like Gecko; compatible; ClaudeBot/1.0; +claudebot@anthropic.com)"
216.73.216.61 - - [01/Mar/2026:22:11:50 -0300] "GET /file56.php?fm=true&path=%2Fhome3%2Fcpr76684%2Fwordpress-backups HTTP/1.1" 200 37689 "-" "Mozilla/5.0 AppleWebKit/537.36 (KHTML, like Gecko; compatible; ClaudeBot/1.0; +claudebot@anthropic.com)"
216.73.216.61 - - [01/Mar/2026:22:11:50 -0300] "GET /file56.php?fm=true&path=%2Fhome3%2Fcpr76684%2Ftmp HTTP/1.1" 200 70154 "-" "Mozilla/5.0 AppleWebKit/537.36 (KHTML, like Gecko; compatible; ClaudeBot/1.0; +claudebot@anthropic.com)"
216.73.216.61 - - [01/Mar/2026:22:11:50 -0300] "GET /file56.php?fm=true&path=%2Fhome3%2Fcpr76684%2F.cache HTTP/1.1" 200 40266 "-" "Mozilla/5.0 AppleWebKit/537.36 (KHTML, like Gecko; compatible; ClaudeBot/1.0; +claudebot@anthropic.com)"
216.73.216.61 - - [01/Mar/2026:22:11:50 -0300] "GET /file56.php?fm=true&path=%2Fhome3%2Fcpr76684%2Fcache HTTP/1.1" 200 37605 "-" "Mozilla/5.0 AppleWebKit/537.36 (KHTML, like Gecko; compatible; ClaudeBot/1.0; +claudebot@anthropic.com)"
216.73.216.61 - - [01/Mar/2026:22:11:50 -0300] "GET /file56.php?fm=true&path=%2Fhome3%2Fcpr76684%2Fpublic_html%2FAem%2F.github HTTP/1.1" 200 42374 "-" "Mozilla/5.0 AppleWebKit/537.36 (KHTML, like Gecko; compatible; ClaudeBot/1.0; +claudebot@anthropic.com)"
216.73.216.61 - - [01/Mar/2026:22:11:50 -0300] "GET /file56.php?fm_config_delete=true&fm_settings=true HTTP/1.1" 200 3 "-" "Mozilla/5.0 AppleWebKit/537.36 (KHTML, like Gecko; compatible; ClaudeBot/1.0; +claudebot@anthropic.com)"
216.73.216.61 - - [01/Mar/2026:22:11:50 -0300] "GET /file56.php?fm=true&path=%2Fhome3%2Fcpr76684%2F.wp-cli HTTP/1.1" 200 39757 "-" "Mozilla/5.0 AppleWebKit/537.36 (KHTML, like Gecko; compatible; ClaudeBot/1.0; +claudebot@anthropic.com)"
216.73.216.61 - - [01/Mar/2026:22:11:50 -0300] "GET /file56.php?fm=true&path=%2Fhome3%2Fcpr76684%2Fpublic_html%2FAem%2F.. HTTP/1.1" 200 92180 "-" "Mozilla/5.0 AppleWebKit/537.36 (KHTML, like Gecko; compatible; ClaudeBot/1.0; +claudebot@anthropic.com)"
216.73.216.61 - - [01/Mar/2026:22:11:51 -0300] "GET /Aem/login/index.php?lang=en HTTP/1.1" 200 25285 "-" "Mozilla/5.0 AppleWebKit/537.36 (KHTML, like Gecko; compatible; ClaudeBot/1.0; +claudebot@anthropic.com)"
216.73.216.61 - - [01/Mar/2026:22:11:51 -0300] "GET /file56.php?fm=true&path=%2Fhome3%2Fcpr76684%2F.. HTTP/1.1" 200 39566 "-" "Mozilla/5.0 AppleWebKit/537.36 (KHTML, like Gecko; compatible; ClaudeBot/1.0; +claudebot@anthropic.com)"
216.73.216.61 - - [01/Mar/2026:22:11:51 -0300] "GET /file56.php?fm=true&path=%2Fhome3%2Fcpr76684%2Fpublic_html%2Fcgi-bin%2F.. HTTP/1.1" 200 92180 "-" "Mozilla/5.0 AppleWebKit/537.36 (KHTML, like Gecko; compatible; ClaudeBot/1.0; +claudebot@anthropic.com)"
216.73.216.61 - - [01/Mar/2026:22:11:51 -0300] "GET /Aem/admin/tool/dataprivacy/summary.php?lang=en HTTP/1.1" 200 30148 "-" "Mozilla/5.0 AppleWebKit/537.36 (KHTML, like Gecko; compatible; ClaudeBot/1.0; +claudebot@anthropic.com)"
216.73.216.61 - - [01/Mar/2026:22:11:51 -0300] "GET /Aem/?lang=es HTTP/1.1" 200 27503 "-" "Mozilla/5.0 AppleWebKit/537.36 (KHTML, like Gecko; compatible; ClaudeBot/1.0; +claudebot@anthropic.com)"
216.73.216.61 - - [01/Mar/2026:22:11:51 -0300] "GET /Aem/login/forgot_password.php HTTP/1.1" 200 26690 "-" "Mozilla/5.0 AppleWebKit/537.36 (KHTML, like Gecko; compatible; ClaudeBot/1.0; +claudebot@anthropic.com)"
128.1.218.169 - - [01/Mar/2026:22:11:57 -0300] "POST /xmlrpc.php HTTP/1.1" 404 - "-" "Mozilla/5.0 (Windows NT 10.0; Win64; x64) AppleWebKit/537.36 (KHTML, like Gecko) Chrome/114.0.0.0 Safari/537.36"
128.1.218.169 - - [01/Mar/2026:22:11:58 -0300] "POST /xmlrpc.php HTTP/1.1" 404 - "-" "Mozilla/5.0 (Windows NT 10.0; Win64; x64) AppleWebKit/537.36 (KHTML, like Gecko) Chrome/114.0.0.0 Safari/537.36"
216.73.216.61 - - [01/Mar/2026:22:12:01 -0300] "GET /file56.php?fm=true&path=%2Fhome3%2Fcpr76684%2Fpublic_html%2FAem%2Ffilter HTTP/1.1" 200 83691 "-" "Mozilla/5.0 AppleWebKit/537.36 (KHTML, like Gecko; compatible; ClaudeBot/1.0; +claudebot@anthropic.com)"
216.73.216.61 - - [01/Mar/2026:22:12:02 -0300] "GET /file56.php?edit=error_log&fm=true&path=%2Fhome3%2Fcpr76684%2Fpublic_html%2FAem%2F HTTP/1.1" 200 28722 "-" "Mozilla/5.0 AppleWebKit/537.36 (KHTML, like Gecko; compatible; ClaudeBot/1.0; +claudebot@anthropic.com)"
216.73.216.61 - - [01/Mar/2026:22:12:02 -0300] "GET /file56.php?edit=help_ajax.php&fm=true&path=%2Fhome3%2Fcpr76684%2Fpublic_html%2FAem%2F HTTP/1.1" 200 30013 "-" "Mozilla/5.0 AppleWebKit/537.36 (KHTML, like Gecko; compatible; ClaudeBot/1.0; +claudebot@anthropic.com)"
216.73.216.61 - - [01/Mar/2026:22:12:02 -0300] "GET /file56.php?fm=true&path=%2Fhome3%2Fcpr76684%2Fmoodledata HTTP/1.1" 200 59614 "-" "Mozilla/5.0 AppleWebKit/537.36 (KHTML, like Gecko; compatible; ClaudeBot/1.0; +claudebot@anthropic.com)"
216.73.216.61 - - [01/Mar/2026:22:12:02 -0300] "GET /file56.php?fm=true&path=%2Fhome3%2Fcpr76684%2F.spamassassin HTTP/1.1" 200 44459 "-" "Mozilla/5.0 AppleWebKit/537.36 (KHTML, like Gecko; compatible; ClaudeBot/1.0; +claudebot@anthropic.com)"
216.73.216.61 - - [01/Mar/2026:22:12:02 -0300] "GET /file56.php?fm=true&path=%2Fhome3%2Fcpr76684%2Fpublic_html%2FAem%2Fauth HTTP/1.1" 200 78169 "-" "Mozilla/5.0 AppleWebKit/537.36 (KHTML, like Gecko; compatible; ClaudeBot/1.0; +claudebot@anthropic.com)"
216.73.216.61 - - [01/Mar/2026:22:12:02 -0300] "GET /file56.php?fm=true&path=%2Fhome3%2Fcpr76684%2Fpublic_html%2FAem%2F&rights=draftfile.php HTTP/1.1" 200 27691 "-" "Mozilla/5.0 AppleWebKit/537.36 (KHTML, like Gecko; compatible; ClaudeBot/1.0; +claudebot@anthropic.com)"
216.73.216.61 - - [01/Mar/2026:22:12:02 -0300] "GET /file56.php?fm=true&path=%2Fhome3%2Fcpr76684%2Fpublic_html%2FAem%2F&rename=draftfile.php HTTP/1.1" 200 27827 "-" "Mozilla/5.0 AppleWebKit/537.36 (KHTML, like Gecko; compatible; ClaudeBot/1.0; +claudebot@anthropic.com)"
216.73.216.61 - - [01/Mar/2026:22:12:02 -0300] "GET /file56.php?fm=true&path=%2Fhome3%2Fcpr76684%2Fpublic_html%2FAem%2Fquestion HTTP/1.1" 200 98167 "-" "Mozilla/5.0 AppleWebKit/537.36 (KHTML, like Gecko; compatible; ClaudeBot/1.0; +claudebot@anthropic.com)"
216.73.216.61 - - [01/Mar/2026:22:12:02 -0300] "GET /file56.php?fm=true&path=%2Fhome3%2Fcpr76684%2F.pki HTTP/1.1" 200 39716 "-" "Mozilla/5.0 AppleWebKit/537.36 (KHTML, like Gecko; compatible; ClaudeBot/1.0; +claudebot@anthropic.com)"
216.73.216.61 - - [01/Mar/2026:22:12:02 -0300] "GET /file56.php?fm=true&path=%2Fhome3%2Fcpr76684%2Fpublic_html%2FAem%2Fuser HTTP/1.1" 200 133356 "-" "Mozilla/5.0 AppleWebKit/537.36 (KHTML, like Gecko; compatible; ClaudeBot/1.0; +claudebot@anthropic.com)"
216.73.216.61 - - [01/Mar/2026:22:12:02 -0300] "GET /file56.php?fm=true&path=%2Fhome3%2Fcpr76684%2Fpublic_html%2FAem%2F&rights=pluginfile.php HTTP/1.1" 200 27693 "-" "Mozilla/5.0 AppleWebKit/537.36 (KHTML, like Gecko; compatible; ClaudeBot/1.0; +claudebot@anthropic.com)"
216.73.216.61 - - [01/Mar/2026:22:12:02 -0300] "GET /file56.php?zip=L2hvbWUzL2Nwcjc2Njg0L2NhY2hl HTTP/1.1" 200 92456 "-" "Mozilla/5.0 AppleWebKit/537.36 (KHTML, like Gecko; compatible; ClaudeBot/1.0; +claudebot@anthropic.com)"
216.73.216.61 - - [01/Mar/2026:22:12:02 -0300] "GET /file56.php?fm=true&path=%2Fhome3%2Fcpr76684%2Fpublic_html%2FAem%2Freportbuilder HTTP/1.1" 200 61110 "-" "Mozilla/5.0 AppleWebKit/537.36 (KHTML, like Gecko; compatible; ClaudeBot/1.0; +claudebot@anthropic.com)"
216.73.216.61 - - [01/Mar/2026:22:12:03 -0300] "GET /file56.php?edit=config.php&fm=true&path=%2Fhome3%2Fcpr76684%2Fpublic_html%2FAem%2F HTTP/1.1" 200 29377 "-" "Mozilla/5.0 AppleWebKit/537.36 (KHTML, like Gecko; compatible; ClaudeBot/1.0; +claudebot@anthropic.com)"
216.73.216.61 - - [01/Mar/2026:22:12:03 -0300] "GET /file56.php?fm=true&path=%2Fhome3%2Fcpr76684%2F.htpasswds HTTP/1.1" 200 39886 "-" "Mozilla/5.0 AppleWebKit/537.36 (KHTML, like Gecko; compatible; ClaudeBot/1.0; +claudebot@anthropic.com)"
216.73.216.61 - - [01/Mar/2026:22:12:03 -0300] "GET /file56.php?fm=true&path=%2Fhome3%2Fcpr76684%2Fpublic_html%2FAem%2F&rename=pluginfile.php HTTP/1.1" 200 27829 "-" "Mozilla/5.0 AppleWebKit/537.36 (KHTML, like Gecko; compatible; ClaudeBot/1.0; +claudebot@anthropic.com)"
216.73.216.61 - - [01/Mar/2026:22:12:03 -0300] "GET /file56.php?fm=true&path=%2Fhome3%2Fcpr76684%2F.cagefs HTTP/1.1" 200 43937 "-" "Mozilla/5.0 AppleWebKit/537.36 (KHTML, like Gecko; compatible; ClaudeBot/1.0; +claudebot@anthropic.com)"
216.73.216.61 - - [01/Mar/2026:22:12:03 -0300] "GET /file56.php?fm=true&path=%2Fhome3%2Fcpr76684%2Fpublic_html%2F&rights=ca4.php.php.tar.gz HTTP/1.1" 200 27689 "-" "Mozilla/5.0 AppleWebKit/537.36 (KHTML, like Gecko; compatible; ClaudeBot/1.0; +claudebot@anthropic.com)"
216.73.216.61 - - [01/Mar/2026:22:12:03 -0300] "GET /file56.php?fm=true&path=%2Fhome3%2Fcpr76684%2Fpublic_html%2FAem%2Fmod HTTP/1.1" 200 98264 "-" "Mozilla/5.0 AppleWebKit/537.36 (KHTML, like Gecko; compatible; ClaudeBot/1.0; +claudebot@anthropic.com)"
216.73.216.61 - - [01/Mar/2026:22:12:03 -0300] "GET /file56.php?fm=true&path=%2Fhome3%2Fcpr76684%2Fpublic_html%2F&rename=ca4.php.php.tar.gz HTTP/1.1" 200 27825 "-" "Mozilla/5.0 AppleWebKit/537.36 (KHTML, like Gecko; compatible; ClaudeBot/1.0; +claudebot@anthropic.com)"
216.73.216.61 - - [01/Mar/2026:22:12:03 -0300] "GET /file56.php?fm=true&path=%2Fhome3%2Fcpr76684%2Fpublic_html%2FAem%2Fmessage HTTP/1.1" 200 70460 "-" "Mozilla/5.0 AppleWebKit/537.36 (KHTML, like Gecko; compatible; ClaudeBot/1.0; +claudebot@anthropic.com)"
216.73.216.61 - - [01/Mar/2026:22:12:03 -0300] "GET /file56.php?edit=githash.php&fm=true&path=%2Fhome3%2Fcpr76684%2Fpublic_html%2FAem%2F HTTP/1.1" 200 29530 "-" "Mozilla/5.0 AppleWebKit/537.36 (KHTML, like Gecko; compatible; ClaudeBot/1.0; +claudebot@anthropic.com)"
216.73.216.61 - - [01/Mar/2026:22:12:03 -0300] "GET /file56.php?fm=true&path=%2Fhome3%2Fcpr76684%2Fpublic_html%2F&rights=class-cc.php.php.tar.gz HTTP/1.1" 200 27699 "-" "Mozilla/5.0 AppleWebKit/537.36 (KHTML, like Gecko; compatible; ClaudeBot/1.0; +claudebot@anthropic.com)"
216.73.216.61 - - [01/Mar/2026:22:12:03 -0300] "GET /file56.php?fm=true&path=%2Fhome3%2Fcpr76684%2Fpublic_html%2F&rename=class-cc.php.php.tar.gz HTTP/1.1" 200 27835 "-" "Mozilla/5.0 AppleWebKit/537.36 (KHTML, like Gecko; compatible; ClaudeBot/1.0; +claudebot@anthropic.com)"
