���ѧۧݧ�ӧ�� �ާ֧ߧ֧էا֧� - ���֧էѧܧ�ڧ��ӧѧ�� - /home3/cpr76684/public_html/access-logs.tar
���ѧ٧ѧ�
promujerchile.cl-ssl_log 0000640 00000511301 15151162223 0011367 0 ustar 00
66.249.79.65 - - [01/Mar/2026:15:36:42 -0300] "GET /products/11329814 HTTP/1.1" 404 - "-" "Mozilla/5.0 (compatible; Googlebot/2.1; +http://www.google.com/bot.html)"
66.249.79.65 - - [01/Mar/2026:15:36:47 -0300] "GET /products/28225203 HTTP/1.1" 404 - "-" "Mozilla/5.0 (Linux; Android 6.0.1; Nexus 5X Build/MMB29P) AppleWebKit/537.36 (KHTML, like Gecko) Chrome/144.0.7559.132 Mobile Safari/537.36 (compatible; Googlebot/2.1; +http://www.google.com/bot.html)"
198.235.24.26 - - [01/Mar/2026:15:40:01 -0300] "GET / HTTP/1.1" 200 1892 "-" "Hello from Palo Alto Networks, find out more about our scans in https://docs-cortex.paloaltonetworks.com/r/1/Cortex-Xpanse/Scanning-activity"
104.166.146.83 - - [01/Mar/2026:15:43:16 -0300] "POST /xmlrpc.php HTTP/1.1" 404 - "-" "Mozilla/5.0 (Windows NT 10.0; Win64; x64) AppleWebKit/537.36 (KHTML, like Gecko) Chrome/114.0.0.0 Safari/537.36"
104.166.146.83 - - [01/Mar/2026:15:43:18 -0300] "POST /xmlrpc.php HTTP/1.1" 404 - "-" "Mozilla/5.0 (Windows NT 10.0; Win64; x64) AppleWebKit/537.36 (KHTML, like Gecko) Chrome/114.0.0.0 Safari/537.36"
104.166.146.83 - - [01/Mar/2026:15:44:47 -0300] "POST /xmlrpc.php HTTP/1.1" 404 - "-" "Mozilla/5.0 (Windows NT 10.0; Win64; x64) AppleWebKit/537.36 (KHTML, like Gecko) Chrome/114.0.0.0 Safari/537.36"
104.166.146.83 - - [01/Mar/2026:15:44:49 -0300] "POST /xmlrpc.php HTTP/1.1" 404 - "-" "Mozilla/5.0 (Windows NT 10.0; Win64; x64) AppleWebKit/537.36 (KHTML, like Gecko) Chrome/114.0.0.0 Safari/537.36"
148.227.97.222 - - [01/Mar/2026:15:46:31 -0300] "GET /cpanel HTTP/1.1" 200 34663 "-" "Mozilla/5.0 (iPhone; CPU iPhone OS 26_3_0 like Mac OS X) AppleWebKit/605.1.15 (KHTML, like Gecko) CriOS/145.0.7632.108 Mobile/15E148 Safari/604.1"
148.227.97.222 - - [01/Mar/2026:15:46:31 -0300] "GET /favicon.ico HTTP/1.1" 404 - "-" "Mozilla/5.0 (iPhone; CPU iPhone OS 26_3_0 like Mac OS X) AppleWebKit/605.1.15 (KHTML, like Gecko) CriOS/145.0.7632.108 Mobile/15E148 Safari/604.1"
66.249.79.65 - - [01/Mar/2026:15:47:20 -0300] "GET /products/9158358 HTTP/1.1" 404 - "-" "Mozilla/5.0 (Linux; Android 6.0.1; Nexus 5X Build/MMB29P) AppleWebKit/537.36 (KHTML, like Gecko) Chrome/144.0.7559.132 Mobile Safari/537.36 (compatible; Googlebot/2.1; +http://www.google.com/bot.html)"
66.249.79.66 - - [01/Mar/2026:15:52:30 -0300] "GET /products/8608514 HTTP/1.1" 404 - "-" "Mozilla/5.0 (compatible; Googlebot/2.1; +http://www.google.com/bot.html)"
66.249.79.65 - - [01/Mar/2026:15:55:06 -0300] "GET /products/12277258 HTTP/1.1" 404 - "-" "Mozilla/5.0 (compatible; Googlebot/2.1; +http://www.google.com/bot.html)"
66.249.79.64 - - [01/Mar/2026:15:59:34 -0300] "GET /products/5944225 HTTP/1.1" 404 - "-" "Mozilla/5.0 (compatible; Googlebot/2.1; +http://www.google.com/bot.html)"
66.249.79.65 - - [01/Mar/2026:15:59:35 -0300] "GET /products/5944225 HTTP/1.1" 404 - "-" "Mozilla/5.0 (Linux; Android 6.0.1; Nexus 5X Build/MMB29P) AppleWebKit/537.36 (KHTML, like Gecko) Chrome/144.0.7559.132 Mobile Safari/537.36 (compatible; Googlebot/2.1; +http://www.google.com/bot.html)"
66.249.79.66 - - [01/Mar/2026:16:02:30 -0300] "GET /products/1849470 HTTP/1.1" 404 - "-" "Mozilla/5.0 (Linux; Android 6.0.1; Nexus 5X Build/MMB29P) AppleWebKit/537.36 (KHTML, like Gecko) Chrome/144.0.7559.132 Mobile Safari/537.36 (compatible; Googlebot/2.1; +http://www.google.com/bot.html)"
148.227.97.222 - - [01/Mar/2026:16:06:13 -0300] "GET / HTTP/1.1" 200 1892 "-" "Mozilla/5.0 (iPhone; CPU iPhone OS 26_3_0 like Mac OS X) AppleWebKit/605.1.15 (KHTML, like Gecko) CriOS/145.0.7632.108 Mobile/15E148 Safari/604.1"
148.227.97.222 - - [01/Mar/2026:16:06:32 -0300] "GET / HTTP/1.1" 200 1892 "-" "Mozilla/5.0 (iPhone; CPU iPhone OS 26_3_0 like Mac OS X) AppleWebKit/605.1.15 (KHTML, like Gecko) CriOS/145.0.7632.108 Mobile/15E148 Safari/604.1"
181.42.219.177 - - [01/Mar/2026:16:07:35 -0300] "GET /cpanel HTTP/1.1" 200 34663 "-" "Mozilla/5.0 (iPhone; CPU iPhone OS 26_3_0 like Mac OS X) AppleWebKit/605.1.15 (KHTML, like Gecko) CriOS/145.0.7632.108 Mobile/15E148 Safari/604.1"
190.5.39.22 - - [01/Mar/2026:16:14:45 -0300] "GET / HTTP/1.1" 200 12452 "-" "Mozilla/5.0 (iPhone; CPU iPhone OS 18_6_2 like Mac OS X) AppleWebKit/605.1.15 (KHTML, like Gecko) Version/18.6 Mobile/15E148 Safari/604.1"
190.5.39.22 - - [01/Mar/2026:16:14:45 -0300] "GET /cPanel_magic_revision_1709576175/unprotected/cpanel/style_v2_optimized.css HTTP/1.1" 200 33186 "https://webmail.promujerchile.cl/" "Mozilla/5.0 (iPhone; CPU iPhone OS 18_6_2 like Mac OS X) AppleWebKit/605.1.15 (KHTML, like Gecko) Version/18.6 Mobile/15E148 Safari/604.1"
190.5.39.22 - - [01/Mar/2026:16:14:45 -0300] "GET /cPanel_magic_revision_1648610195/unprotected/cpanel/fonts/open_sans/open_sans.min.css HTTP/1.1" 200 522 "https://webmail.promujerchile.cl/" "Mozilla/5.0 (iPhone; CPU iPhone OS 18_6_2 like Mac OS X) AppleWebKit/605.1.15 (KHTML, like Gecko) Version/18.6 Mobile/15E148 Safari/604.1"
190.5.39.22 - - [01/Mar/2026:16:14:45 -0300] "GET /cPanel_magic_revision_1709312497/unprotected/cpanel/images/webmail-logo.svg HTTP/1.1" 200 2399 "https://webmail.promujerchile.cl/" "Mozilla/5.0 (iPhone; CPU iPhone OS 18_6_2 like Mac OS X) AppleWebKit/605.1.15 (KHTML, like Gecko) Version/18.6 Mobile/15E148 Safari/604.1"
190.5.39.22 - - [01/Mar/2026:16:14:45 -0300] "GET /cPanel_magic_revision_1648610195/unprotected/cpanel/fonts/open_sans/OpenSans-Regular-webfont.woff HTTP/1.1" 200 22660 "https://webmail.promujerchile.cl/" "Mozilla/5.0 (iPhone; CPU iPhone OS 18_6_2 like Mac OS X) AppleWebKit/605.1.15 (KHTML, like Gecko) Version/18.6 Mobile/15E148 Safari/604.1"
190.5.39.22 - - [01/Mar/2026:16:14:45 -0300] "GET /cPanel_magic_revision_1709312497/unprotected/cpanel/images/icon-username.png HTTP/1.1" 200 320 "https://webmail.promujerchile.cl/" "Mozilla/5.0 (iPhone; CPU iPhone OS 18_6_2 like Mac OS X) AppleWebKit/605.1.15 (KHTML, like Gecko) Version/18.6 Mobile/15E148 Safari/604.1"
190.5.39.22 - - [01/Mar/2026:16:14:45 -0300] "GET /cPanel_magic_revision_1709312497/unprotected/cpanel/images/notice-error.png HTTP/1.1" 200 1026 "https://webmail.promujerchile.cl/" "Mozilla/5.0 (iPhone; CPU iPhone OS 18_6_2 like Mac OS X) AppleWebKit/605.1.15 (KHTML, like Gecko) Version/18.6 Mobile/15E148 Safari/604.1"
190.5.39.22 - - [01/Mar/2026:16:14:45 -0300] "GET /cPanel_magic_revision_1648610195/unprotected/cpanel/fonts/open_sans/OpenSans-Bold-webfont.woff HTTP/1.1" 200 22432 "https://webmail.promujerchile.cl/" "Mozilla/5.0 (iPhone; CPU iPhone OS 18_6_2 like Mac OS X) AppleWebKit/605.1.15 (KHTML, like Gecko) Version/18.6 Mobile/15E148 Safari/604.1"
190.5.39.22 - - [01/Mar/2026:16:14:45 -0300] "GET /cPanel_magic_revision_1709312497/unprotected/cpanel/images/icon-password.png HTTP/1.1" 200 450 "https://webmail.promujerchile.cl/" "Mozilla/5.0 (iPhone; CPU iPhone OS 18_6_2 like Mac OS X) AppleWebKit/605.1.15 (KHTML, like Gecko) Version/18.6 Mobile/15E148 Safari/604.1"
190.5.39.22 - - [01/Mar/2026:16:14:46 -0300] "GET /cPanel_magic_revision_1709312497/unprotected/cpanel/images/notice-info.png HTTP/1.1" 200 976 "https://webmail.promujerchile.cl/" "Mozilla/5.0 (iPhone; CPU iPhone OS 18_6_2 like Mac OS X) AppleWebKit/605.1.15 (KHTML, like Gecko) Version/18.6 Mobile/15E148 Safari/604.1"
190.5.39.22 - - [01/Mar/2026:16:14:46 -0300] "GET /cPanel_magic_revision_1709312497/unprotected/cpanel/images/notice-success.png HTTP/1.1" 200 962 "https://webmail.promujerchile.cl/" "Mozilla/5.0 (iPhone; CPU iPhone OS 18_6_2 like Mac OS X) AppleWebKit/605.1.15 (KHTML, like Gecko) Version/18.6 Mobile/15E148 Safari/604.1"
190.5.39.22 - - [01/Mar/2026:16:14:46 -0300] "GET /cPanel_magic_revision_1709312497/unprotected/cpanel/images/warning.png HTTP/1.1" 200 1060 "https://webmail.promujerchile.cl/" "Mozilla/5.0 (iPhone; CPU iPhone OS 18_6_2 like Mac OS X) AppleWebKit/605.1.15 (KHTML, like Gecko) Version/18.6 Mobile/15E148 Safari/604.1"
190.5.39.22 - - [01/Mar/2026:16:14:46 -0300] "GET /cPanel_magic_revision_1648610195/unprotected/cpanel/fonts/open_sans/OpenSans-Semibold-webfont.woff HTTP/1.1" 200 22908 "https://webmail.promujerchile.cl/" "Mozilla/5.0 (iPhone; CPU iPhone OS 18_6_2 like Mac OS X) AppleWebKit/605.1.15 (KHTML, like Gecko) Version/18.6 Mobile/15E148 Safari/604.1"
190.5.39.22 - - [01/Mar/2026:16:14:47 -0300] "GET /cPanel_magic_revision_1648610195/unprotected/cpanel/fonts/open_sans/OpenSans-Light-webfont.woff HTTP/1.1" 200 22248 "https://webmail.promujerchile.cl/" "Mozilla/5.0 (iPhone; CPU iPhone OS 18_6_2 like Mac OS X) AppleWebKit/605.1.15 (KHTML, like Gecko) Version/18.6 Mobile/15E148 Safari/604.1"
190.5.39.22 - - [01/Mar/2026:16:14:47 -0300] "POST /login/?login_only=1 HTTP/1.1" 308 104 "https://webmail.promujerchile.cl/" "Mozilla/5.0 (iPhone; CPU iPhone OS 18_6_2 like Mac OS X) AppleWebKit/605.1.15 (KHTML, like Gecko) Version/18.6 Mobile/15E148 Safari/604.1"
190.5.39.22 - - [01/Mar/2026:16:14:47 -0300] "POST /login/?login_only=1 HTTP/1.1" 308 104 "https://webmail.promujerchile.cl/" "Mozilla/5.0 (iPhone; CPU iPhone OS 18_6_2 like Mac OS X) AppleWebKit/605.1.15 (KHTML, like Gecko) Version/18.6 Mobile/15E148 Safari/604.1"
190.5.39.22 - - [01/Mar/2026:16:14:47 -0300] "GET /cPanel_magic_revision_1648610195/unprotected/cpanel/fonts/open_sans/OpenSans-ExtraBold-webfont.woff HTTP/1.1" 200 23764 "https://webmail.promujerchile.cl/" "Mozilla/5.0 (iPhone; CPU iPhone OS 18_6_2 like Mac OS X) AppleWebKit/605.1.15 (KHTML, like Gecko) Version/18.6 Mobile/15E148 Safari/604.1"
190.5.39.22 - - [01/Mar/2026:16:14:47 -0300] "GET /favicon.ico HTTP/1.1" 200 12304 "https://webmail.promujerchile.cl/" "Mozilla/5.0 (iPhone; CPU iPhone OS 18_6_2 like Mac OS X) AppleWebKit/605.1.15 (KHTML, like Gecko) Version/18.6 Mobile/15E148 Safari/604.1"
190.5.39.22 - - [01/Mar/2026:16:14:50 -0300] "POST /login/?login_only=1 HTTP/1.1" 200 156 "https://webmail.promujerchile.cl/" "Mozilla/5.0 (iPhone; CPU iPhone OS 18_6_2 like Mac OS X) AppleWebKit/605.1.15 (KHTML, like Gecko) Version/18.6 Mobile/15E148 Safari/604.1"
190.5.39.22 - - [01/Mar/2026:16:14:50 -0300] "GET /cpsess4501287342/3rdparty/roundcube/index.php?login=1&post_login=14460090601733 HTTP/1.1" 302 - "https://webmail.promujerchile.cl/" "Mozilla/5.0 (iPhone; CPU iPhone OS 18_6_2 like Mac OS X) AppleWebKit/605.1.15 (KHTML, like Gecko) Version/18.6 Mobile/15E148 Safari/604.1"
190.5.39.22 - - [01/Mar/2026:16:14:51 -0300] "GET /cpsess4501287342/3rdparty/roundcube/index.php?_task=mail&_token=VMtED0t7Nr8z0W3GJitJnhTyLbd5qkxp HTTP/1.1" 200 11416 "https://webmail.promujerchile.cl/" "Mozilla/5.0 (iPhone; CPU iPhone OS 18_6_2 like Mac OS X) AppleWebKit/605.1.15 (KHTML, like Gecko) Version/18.6 Mobile/15E148 Safari/604.1"
190.5.39.22 - - [01/Mar/2026:16:14:51 -0300] "GET /cpsess4501287342/3rdparty/roundcube/plugins/carddav/skins/elastic/carddav.css?s=1699372582 HTTP/1.1" 200 77 "https://webmail.promujerchile.cl/cpsess4501287342/3rdparty/roundcube/index.php?_task=mail&_token=VMtED0t7Nr8z0W3GJitJnhTyLbd5qkxp" "Mozilla/5.0 (iPhone; CPU iPhone OS 18_6_2 like Mac OS X) AppleWebKit/605.1.15 (KHTML, like Gecko) Version/18.6 Mobile/15E148 Safari/604.1"
190.5.39.22 - - [01/Mar/2026:16:14:51 -0300] "GET /cpsess4501287342/3rdparty/roundcube/skins/elastic/deps/bootstrap.min.css?s=1697448200 HTTP/1.1" 200 25867 "https://webmail.promujerchile.cl/cpsess4501287342/3rdparty/roundcube/index.php?_task=mail&_token=VMtED0t7Nr8z0W3GJitJnhTyLbd5qkxp" "Mozilla/5.0 (iPhone; CPU iPhone OS 18_6_2 like Mac OS X) AppleWebKit/605.1.15 (KHTML, like Gecko) Version/18.6 Mobile/15E148 Safari/604.1"
190.5.39.22 - - [01/Mar/2026:16:14:51 -0300] "GET /cpsess4501287342/3rdparty/roundcube/plugins/jqueryui/themes/elastic/jquery-ui.min.css?s=1698349383 HTTP/1.1" 200 7701 "https://webmail.promujerchile.cl/cpsess4501287342/3rdparty/roundcube/index.php?_task=mail&_token=VMtED0t7Nr8z0W3GJitJnhTyLbd5qkxp" "Mozilla/5.0 (iPhone; CPU iPhone OS 18_6_2 like Mac OS X) AppleWebKit/605.1.15 (KHTML, like Gecko) Version/18.6 Mobile/15E148 Safari/604.1"
190.5.39.22 - - [01/Mar/2026:16:14:51 -0300] "GET /cpsess4501287342/3rdparty/roundcube/skins/elastic/styles/styles.min.css?s=1698349383 HTTP/1.1" 200 24060 "https://webmail.promujerchile.cl/cpsess4501287342/3rdparty/roundcube/index.php?_task=mail&_token=VMtED0t7Nr8z0W3GJitJnhTyLbd5qkxp" "Mozilla/5.0 (iPhone; CPU iPhone OS 18_6_2 like Mac OS X) AppleWebKit/605.1.15 (KHTML, like Gecko) Version/18.6 Mobile/15E148 Safari/604.1"
190.5.39.22 - - [01/Mar/2026:16:14:51 -0300] "GET /cpsess4501287342/3rdparty/roundcube/program/js/jquery.min.js?s=1697448190 HTTP/1.1" 200 32867 "https://webmail.promujerchile.cl/cpsess4501287342/3rdparty/roundcube/index.php?_task=mail&_token=VMtED0t7Nr8z0W3GJitJnhTyLbd5qkxp" "Mozilla/5.0 (iPhone; CPU iPhone OS 18_6_2 like Mac OS X) AppleWebKit/605.1.15 (KHTML, like Gecko) Version/18.6 Mobile/15E148 Safari/604.1"
190.5.39.22 - - [01/Mar/2026:16:14:51 -0300] "GET /cpsess4501287342/3rdparty/roundcube/program/js/common.min.js?s=1698349383 HTTP/1.1" 200 4964 "https://webmail.promujerchile.cl/cpsess4501287342/3rdparty/roundcube/index.php?_task=mail&_token=VMtED0t7Nr8z0W3GJitJnhTyLbd5qkxp" "Mozilla/5.0 (iPhone; CPU iPhone OS 18_6_2 like Mac OS X) AppleWebKit/605.1.15 (KHTML, like Gecko) Version/18.6 Mobile/15E148 Safari/604.1"
190.5.39.22 - - [01/Mar/2026:16:14:51 -0300] "GET /cpsess4501287342/3rdparty/roundcube/plugins/return_to_webmail/skins/elastic/return_to_webmail.css?s=1699372582 HTTP/1.1" 200 863 "https://webmail.promujerchile.cl/cpsess4501287342/3rdparty/roundcube/index.php?_task=mail&_token=VMtED0t7Nr8z0W3GJitJnhTyLbd5qkxp" "Mozilla/5.0 (iPhone; CPU iPhone OS 18_6_2 like Mac OS X) AppleWebKit/605.1.15 (KHTML, like Gecko) Version/18.6 Mobile/15E148 Safari/604.1"
104.28.63.191 - - [01/Mar/2026:16:14:51 -0300] "GET / HTTP/1.1" 200 1892 "-" "Mozilla/5.0 (iPhone; CPU iPhone OS 18_6_2 like Mac OS X) AppleWebKit/605.1.15 (KHTML, like Gecko) Version/18.6 Mobile/15E148 Safari/604.1"
190.5.39.22 - - [01/Mar/2026:16:14:51 -0300] "GET /cpsess4501287342/3rdparty/roundcube/program/js/app.min.js?s=1698349383 HTTP/1.1" 200 50587 "https://webmail.promujerchile.cl/cpsess4501287342/3rdparty/roundcube/index.php?_task=mail&_token=VMtED0t7Nr8z0W3GJitJnhTyLbd5qkxp" "Mozilla/5.0 (iPhone; CPU iPhone OS 18_6_2 like Mac OS X) AppleWebKit/605.1.15 (KHTML, like Gecko) Version/18.6 Mobile/15E148 Safari/604.1"
190.5.39.22 - - [01/Mar/2026:16:14:51 -0300] "GET /cpsess4501287342/3rdparty/roundcube/plugins/calendar/skins/elastic/calendar.css?s=1699372581 HTTP/1.1" 200 15435 "https://webmail.promujerchile.cl/cpsess4501287342/3rdparty/roundcube/index.php?_task=mail&_token=VMtED0t7Nr8z0W3GJitJnhTyLbd5qkxp" "Mozilla/5.0 (iPhone; CPU iPhone OS 18_6_2 like Mac OS X) AppleWebKit/605.1.15 (KHTML, like Gecko) Version/18.6 Mobile/15E148 Safari/604.1"
190.5.39.22 - - [01/Mar/2026:16:14:51 -0300] "GET /cpsess4501287342/3rdparty/roundcube/program/js/list.min.js?s=1698349383 HTTP/1.1" 200 8305 "https://webmail.promujerchile.cl/cpsess4501287342/3rdparty/roundcube/index.php?_task=mail&_token=VMtED0t7Nr8z0W3GJitJnhTyLbd5qkxp" "Mozilla/5.0 (iPhone; CPU iPhone OS 18_6_2 like Mac OS X) AppleWebKit/605.1.15 (KHTML, like Gecko) Version/18.6 Mobile/15E148 Safari/604.1"
190.5.39.22 - - [01/Mar/2026:16:14:52 -0300] "GET /cpsess4501287342/3rdparty/roundcube/plugins/archive/archive.min.js?s=1697448186 HTTP/1.1" 200 743 "https://webmail.promujerchile.cl/cpsess4501287342/3rdparty/roundcube/index.php?_task=mail&_token=VMtED0t7Nr8z0W3GJitJnhTyLbd5qkxp" "Mozilla/5.0 (iPhone; CPU iPhone OS 18_6_2 like Mac OS X) AppleWebKit/605.1.15 (KHTML, like Gecko) Version/18.6 Mobile/15E148 Safari/604.1"
190.5.39.22 - - [01/Mar/2026:16:14:52 -0300] "GET /cpsess4501287342/3rdparty/roundcube/program/js/treelist.min.js?s=1698349383 HTTP/1.1" 200 5401 "https://webmail.promujerchile.cl/cpsess4501287342/3rdparty/roundcube/index.php?_task=mail&_token=VMtED0t7Nr8z0W3GJitJnhTyLbd5qkxp" "Mozilla/5.0 (iPhone; CPU iPhone OS 18_6_2 like Mac OS X) AppleWebKit/605.1.15 (KHTML, like Gecko) Version/18.6 Mobile/15E148 Safari/604.1"
190.5.39.22 - - [01/Mar/2026:16:14:52 -0300] "GET /cpsess4501287342/3rdparty/roundcube/plugins/jqueryui/js/i18n/datepicker-es.js?s=1698349383 HTTP/1.1" 200 647 "https://webmail.promujerchile.cl/cpsess4501287342/3rdparty/roundcube/index.php?_task=mail&_token=VMtED0t7Nr8z0W3GJitJnhTyLbd5qkxp" "Mozilla/5.0 (iPhone; CPU iPhone OS 18_6_2 like Mac OS X) AppleWebKit/605.1.15 (KHTML, like Gecko) Version/18.6 Mobile/15E148 Safari/604.1"
190.5.39.22 - - [01/Mar/2026:16:14:52 -0300] "GET /cpsess4501287342/3rdparty/roundcube/plugins/return_to_webmail/return_to_webmail.js?s=1699372582 HTTP/1.1" 200 773 "https://webmail.promujerchile.cl/cpsess4501287342/3rdparty/roundcube/index.php?_task=mail&_token=VMtED0t7Nr8z0W3GJitJnhTyLbd5qkxp" "Mozilla/5.0 (iPhone; CPU iPhone OS 18_6_2 like Mac OS X) AppleWebKit/605.1.15 (KHTML, like Gecko) Version/18.6 Mobile/15E148 Safari/604.1"
190.5.39.22 - - [01/Mar/2026:16:14:52 -0300] "GET /cpsess4501287342/3rdparty/roundcube/plugins/markasjunk/markasjunk.min.js?s=1697448186 HTTP/1.1" 200 1144 "https://webmail.promujerchile.cl/cpsess4501287342/3rdparty/roundcube/index.php?_task=mail&_token=VMtED0t7Nr8z0W3GJitJnhTyLbd5qkxp" "Mozilla/5.0 (iPhone; CPU iPhone OS 18_6_2 like Mac OS X) AppleWebKit/605.1.15 (KHTML, like Gecko) Version/18.6 Mobile/15E148 Safari/604.1"
190.5.39.22 - - [01/Mar/2026:16:14:52 -0300] "GET /cpsess4501287342/3rdparty/roundcube/plugins/calendar/calendar_base.js?s=1699372581 HTTP/1.1" 200 1766 "https://webmail.promujerchile.cl/cpsess4501287342/3rdparty/roundcube/index.php?_task=mail&_token=VMtED0t7Nr8z0W3GJitJnhTyLbd5qkxp" "Mozilla/5.0 (iPhone; CPU iPhone OS 18_6_2 like Mac OS X) AppleWebKit/605.1.15 (KHTML, like Gecko) Version/18.6 Mobile/15E148 Safari/604.1"
190.5.39.22 - - [01/Mar/2026:16:14:52 -0300] "GET /cpsess4501287342/3rdparty/roundcube/plugins/libcalendaring/libcalendaring.js?s=1699372581 HTTP/1.1" 200 15634 "https://webmail.promujerchile.cl/cpsess4501287342/3rdparty/roundcube/index.php?_task=mail&_token=VMtED0t7Nr8z0W3GJitJnhTyLbd5qkxp" "Mozilla/5.0 (iPhone; CPU iPhone OS 18_6_2 like Mac OS X) AppleWebKit/605.1.15 (KHTML, like Gecko) Version/18.6 Mobile/15E148 Safari/604.1"
190.5.39.22 - - [01/Mar/2026:16:14:52 -0300] "GET /cpsess4501287342/3rdparty/roundcube/plugins/jqueryui/js/jquery-ui.min.js?s=1698349383 HTTP/1.1" 200 74378 "https://webmail.promujerchile.cl/cpsess4501287342/3rdparty/roundcube/index.php?_task=mail&_token=VMtED0t7Nr8z0W3GJitJnhTyLbd5qkxp" "Mozilla/5.0 (iPhone; CPU iPhone OS 18_6_2 like Mac OS X) AppleWebKit/605.1.15 (KHTML, like Gecko) Version/18.6 Mobile/15E148 Safari/604.1"
190.5.39.22 - - [01/Mar/2026:16:14:52 -0300] "GET /cpsess4501287342/3rdparty/roundcube/skins/elastic/deps/bootstrap.bundle.min.js?s=1697448200 HTTP/1.1" 200 23054 "https://webmail.promujerchile.cl/cpsess4501287342/3rdparty/roundcube/index.php?_task=mail&_token=VMtED0t7Nr8z0W3GJitJnhTyLbd5qkxp" "Mozilla/5.0 (iPhone; CPU iPhone OS 18_6_2 like Mac OS X) AppleWebKit/605.1.15 (KHTML, like Gecko) Version/18.6 Mobile/15E148 Safari/604.1"
190.5.39.22 - - [01/Mar/2026:16:14:52 -0300] "GET /cpsess4501287342/3rdparty/roundcube/skins/elastic/ui.min.js?s=1698349383 HTTP/1.1" 200 20599 "https://webmail.promujerchile.cl/cpsess4501287342/3rdparty/roundcube/index.php?_task=mail&_token=VMtED0t7Nr8z0W3GJitJnhTyLbd5qkxp" "Mozilla/5.0 (iPhone; CPU iPhone OS 18_6_2 like Mac OS X) AppleWebKit/605.1.15 (KHTML, like Gecko) Version/18.6 Mobile/15E148 Safari/604.1"
190.5.39.22 - - [01/Mar/2026:16:14:52 -0300] "GET /cpsess4501287342/3rdparty/roundcube/skins/elastic/images/logo.svg?s=1697448186 HTTP/1.1" 200 397 "https://webmail.promujerchile.cl/cpsess4501287342/3rdparty/roundcube/index.php?_task=mail&_token=VMtED0t7Nr8z0W3GJitJnhTyLbd5qkxp" "Mozilla/5.0 (iPhone; CPU iPhone OS 18_6_2 like Mac OS X) AppleWebKit/605.1.15 (KHTML, like Gecko) Version/18.6 Mobile/15E148 Safari/604.1"
190.5.39.22 - - [01/Mar/2026:16:14:52 -0300] "GET /cPanel_magic_revision_1697448186/3rdparty/roundcube/skins/elastic/fonts/fa-regular-400.woff2 HTTP/1.1" 200 13580 "https://webmail.promujerchile.cl/cpsess4501287342/3rdparty/roundcube/index.php?_task=mail&_token=VMtED0t7Nr8z0W3GJitJnhTyLbd5qkxp" "Mozilla/5.0 (iPhone; CPU iPhone OS 18_6_2 like Mac OS X) AppleWebKit/605.1.15 (KHTML, like Gecko) Version/18.6 Mobile/15E148 Safari/604.1"
190.5.39.22 - - [01/Mar/2026:16:14:52 -0300] "GET /cPanel_magic_revision_1697448186/3rdparty/roundcube/skins/elastic/fonts/roboto-v29-regular.woff2 HTTP/1.1" 200 50240 "https://webmail.promujerchile.cl/cpsess4501287342/3rdparty/roundcube/index.php?_task=mail&_token=VMtED0t7Nr8z0W3GJitJnhTyLbd5qkxp" "Mozilla/5.0 (iPhone; CPU iPhone OS 18_6_2 like Mac OS X) AppleWebKit/605.1.15 (KHTML, like Gecko) Version/18.6 Mobile/15E148 Safari/604.1"
190.5.39.22 - - [01/Mar/2026:16:14:52 -0300] "GET /cPanel_magic_revision_1697448186/3rdparty/roundcube/skins/elastic/fonts/roboto-v29-regular-700.woff2 HTTP/1.1" 200 50196 "https://webmail.promujerchile.cl/cpsess4501287342/3rdparty/roundcube/index.php?_task=mail&_token=VMtED0t7Nr8z0W3GJitJnhTyLbd5qkxp" "Mozilla/5.0 (iPhone; CPU iPhone OS 18_6_2 like Mac OS X) AppleWebKit/605.1.15 (KHTML, like Gecko) Version/18.6 Mobile/15E148 Safari/604.1"
190.5.39.22 - - [01/Mar/2026:16:14:52 -0300] "GET /cPanel_magic_revision_1697448186/3rdparty/roundcube/skins/elastic/fonts/fa-solid-900.woff2 HTTP/1.1" 200 75440 "https://webmail.promujerchile.cl/cpsess4501287342/3rdparty/roundcube/index.php?_task=mail&_token=VMtED0t7Nr8z0W3GJitJnhTyLbd5qkxp" "Mozilla/5.0 (iPhone; CPU iPhone OS 18_6_2 like Mac OS X) AppleWebKit/605.1.15 (KHTML, like Gecko) Version/18.6 Mobile/15E148 Safari/604.1"
190.5.39.22 - - [01/Mar/2026:16:14:52 -0300] "GET /cpsess4501287342/3rdparty/roundcube/index.php?_task=mail&_action=list&_refresh=1&_layout=widescreen&_mbox=INBOX&_page=&_remote=1&_unlock=loading1772392492861&_=1772392492212 HTTP/1.1" 200 3927 "https://webmail.promujerchile.cl/cpsess4501287342/3rdparty/roundcube/index.php?_task=mail&_token=VMtED0t7Nr8z0W3GJitJnhTyLbd5qkxp" "Mozilla/5.0 (iPhone; CPU iPhone OS 18_6_2 like Mac OS X) AppleWebKit/605.1.15 (KHTML, like Gecko) Version/18.6 Mobile/15E148 Safari/604.1"
104.28.63.192 - - [01/Mar/2026:16:14:53 -0300] "GET /apple-touch-icon-120x120-precomposed.png HTTP/1.1" 404 - "-" "Mozilla/5.0 (iPhone; CPU iPhone OS 18_6_2 like Mac OS X) AppleWebKit/605.1.15 (KHTML, like Gecko) Safari"
190.5.39.22 - - [01/Mar/2026:16:14:53 -0300] "GET /cpsess4501287342/3rdparty/roundcube/skins/elastic/watermark.html HTTP/1.1" 200 494 "https://webmail.promujerchile.cl/cpsess4501287342/3rdparty/roundcube/index.php?_task=mail&_token=VMtED0t7Nr8z0W3GJitJnhTyLbd5qkxp" "Mozilla/5.0 (iPhone; CPU iPhone OS 18_6_2 like Mac OS X) AppleWebKit/605.1.15 (KHTML, like Gecko) Version/18.6 Mobile/15E148 Safari/604.1"
190.5.39.22 - - [01/Mar/2026:16:14:53 -0300] "GET /cpsess4501287342/3rdparty/roundcube/skins/elastic/watermark.html HTTP/1.1" 200 494 "https://webmail.promujerchile.cl/cpsess4501287342/3rdparty/roundcube/index.php?_task=mail&_mbox=INBOX" "Mozilla/5.0 (iPhone; CPU iPhone OS 18_6_2 like Mac OS X) AppleWebKit/605.1.15 (KHTML, like Gecko) Version/18.6 Mobile/15E148 Safari/604.1"
190.5.39.22 - - [01/Mar/2026:16:14:53 -0300] "GET /cpsess4501287342/3rdparty/roundcube/skins/elastic/watermark.html HTTP/1.1" 200 494 "https://webmail.promujerchile.cl/cpsess4501287342/3rdparty/roundcube/index.php?_task=mail&_mbox=INBOX" "Mozilla/5.0 (iPhone; CPU iPhone OS 18_6_2 like Mac OS X) AppleWebKit/605.1.15 (KHTML, like Gecko) Version/18.6 Mobile/15E148 Safari/604.1"
190.5.39.22 - - [01/Mar/2026:16:14:53 -0300] "GET /cpsess4501287342/3rdparty/roundcube/index.php?_task=mail&_action=getunread&_page=1&_remote=1&_unlock=0&_=1772392492213 HTTP/1.1" 200 350 "https://webmail.promujerchile.cl/cpsess4501287342/3rdparty/roundcube/index.php?_task=mail&_mbox=INBOX" "Mozilla/5.0 (iPhone; CPU iPhone OS 18_6_2 like Mac OS X) AppleWebKit/605.1.15 (KHTML, like Gecko) Version/18.6 Mobile/15E148 Safari/604.1"
104.28.63.192 - - [01/Mar/2026:16:14:53 -0300] "GET /apple-touch-icon-120x120.png HTTP/1.1" 404 - "-" "Mozilla/5.0 (iPhone; CPU iPhone OS 18_6_2 like Mac OS X) AppleWebKit/605.1.15 (KHTML, like Gecko) Safari"
190.5.39.22 - - [01/Mar/2026:16:14:53 -0300] "GET /cpsess4501287342/3rdparty/roundcube/program/resources/blank.tiff HTTP/1.1" 200 270 "https://webmail.promujerchile.cl/cpsess4501287342/3rdparty/roundcube/index.php?_task=mail&_mbox=INBOX" "Mozilla/5.0 (iPhone; CPU iPhone OS 18_6_2 like Mac OS X) AppleWebKit/605.1.15 (KHTML, like Gecko) Version/18.6 Mobile/15E148 Safari/604.1"
104.28.63.192 - - [01/Mar/2026:16:14:53 -0300] "GET /apple-touch-icon-precomposed.png HTTP/1.1" 404 - "-" "Mozilla/5.0 (iPhone; CPU iPhone OS 18_6_2 like Mac OS X) AppleWebKit/605.1.15 (KHTML, like Gecko) Safari"
190.5.39.22 - - [01/Mar/2026:16:14:53 -0300] "GET /cpsess4501287342/3rdparty/roundcube/program/resources/blank.webp HTTP/1.1" 200 86 "https://webmail.promujerchile.cl/cpsess4501287342/3rdparty/roundcube/index.php?_task=mail&_mbox=INBOX" "Mozilla/5.0 (iPhone; CPU iPhone OS 18_6_2 like Mac OS X) AppleWebKit/605.1.15 (KHTML, like Gecko) Version/18.6 Mobile/15E148 Safari/604.1"
190.5.39.22 - - [01/Mar/2026:16:14:53 -0300] "GET /cpsess4501287342/3rdparty/roundcube/skins/elastic/images/logo.svg HTTP/1.1" 200 397 "https://webmail.promujerchile.cl/cpsess4501287342/3rdparty/roundcube/skins/elastic/watermark.html" "Mozilla/5.0 (iPhone; CPU iPhone OS 18_6_2 like Mac OS X) AppleWebKit/605.1.15 (KHTML, like Gecko) Version/18.6 Mobile/15E148 Safari/604.1"
190.5.39.22 - - [01/Mar/2026:16:14:54 -0300] "GET /cpsess4501287342/3rdparty/roundcube/skins/elastic/images/favicon.ico?s=1697448186 HTTP/1.1" 200 1871 "https://webmail.promujerchile.cl/cpsess4501287342/3rdparty/roundcube/index.php?_task=mail&_mbox=INBOX" "Mozilla/5.0 (iPhone; CPU iPhone OS 18_6_2 like Mac OS X) AppleWebKit/605.1.15 (KHTML, like Gecko) Version/18.6 Mobile/15E148 Safari/604.1"
104.28.63.192 - - [01/Mar/2026:16:14:54 -0300] "GET /apple-touch-icon.png HTTP/1.1" 404 - "-" "Mozilla/5.0 (iPhone; CPU iPhone OS 18_6_2 like Mac OS X) AppleWebKit/605.1.15 (KHTML, like Gecko) Safari"
104.28.63.192 - - [01/Mar/2026:16:14:54 -0300] "GET /favicon.ico HTTP/1.1" 404 - "-" "Mozilla/5.0 (iPhone; CPU iPhone OS 18_6_2 like Mac OS X) AppleWebKit/605.1.15 (KHTML, like Gecko) Safari"
104.28.63.192 - - [01/Mar/2026:16:14:54 -0300] "GET /apple-touch-icon-120x120-precomposed.png HTTP/1.1" 404 - "-" "Mozilla/5.0 (iPhone; CPU iPhone OS 18_6_2 like Mac OS X) AppleWebKit/605.1.15 (KHTML, like Gecko) Safari"
104.28.63.192 - - [01/Mar/2026:16:14:54 -0300] "GET /apple-touch-icon-120x120.png HTTP/1.1" 404 - "-" "Mozilla/5.0 (iPhone; CPU iPhone OS 18_6_2 like Mac OS X) AppleWebKit/605.1.15 (KHTML, like Gecko) Safari"
104.28.63.192 - - [01/Mar/2026:16:14:54 -0300] "GET /apple-touch-icon-precomposed.png HTTP/1.1" 404 - "-" "Mozilla/5.0 (iPhone; CPU iPhone OS 18_6_2 like Mac OS X) AppleWebKit/605.1.15 (KHTML, like Gecko) Safari"
104.28.63.192 - - [01/Mar/2026:16:14:55 -0300] "GET /apple-touch-icon.png HTTP/1.1" 404 - "-" "Mozilla/5.0 (iPhone; CPU iPhone OS 18_6_2 like Mac OS X) AppleWebKit/605.1.15 (KHTML, like Gecko) Safari"
104.28.63.192 - - [01/Mar/2026:16:14:55 -0300] "GET /favicon.ico HTTP/1.1" 404 - "-" "Mozilla/5.0 (iPhone; CPU iPhone OS 18_6_2 like Mac OS X) AppleWebKit/605.1.15 (KHTML, like Gecko) Safari"
190.5.39.22 - - [01/Mar/2026:16:14:59 -0300] "GET /cpsess4501287342/3rdparty/roundcube/index.php?_task=mail&_caps=pdf%3D1%2Cflash%3D0%2Ctiff%3D1%2Cwebp%3D1%2Cpgpmime%3D0&_uid=3509&_mbox=INBOX&_framed=1&_action=preview HTTP/1.1" 200 5891 "https://webmail.promujerchile.cl/cpsess4501287342/3rdparty/roundcube/index.php?_task=mail&_mbox=INBOX" "Mozilla/5.0 (iPhone; CPU iPhone OS 18_6_2 like Mac OS X) AppleWebKit/605.1.15 (KHTML, like Gecko) Version/18.6 Mobile/15E148 Safari/604.1"
190.5.39.22 - - [01/Mar/2026:16:14:59 -0300] "GET /cpsess4501287342/3rdparty/roundcube/index.php?_task=addressbook&_action=photo&_email=nm%40licify.cl&_error=1&_bgcolor=transparent HTTP/1.1" 204 - "https://webmail.promujerchile.cl/cpsess4501287342/3rdparty/roundcube/index.php?_task=mail&_caps=pdf%3D1%2Cflash%3D0%2Ctiff%3D1%2Cwebp%3D1%2Cpgpmime%3D0&_uid=3509&_mbox=INBOX&_framed=1&_action=preview" "Mozilla/5.0 (iPhone; CPU iPhone OS 18_6_2 like Mac OS X) AppleWebKit/605.1.15 (KHTML, like Gecko) Version/18.6 Mobile/15E148 Safari/604.1"
190.5.39.22 - - [01/Mar/2026:16:14:59 -0300] "GET /cpsess4501287342/3rdparty/roundcube/skins/elastic/images/contactpic.svg HTTP/1.1" 200 367 "https://webmail.promujerchile.cl/cpsess4501287342/3rdparty/roundcube/index.php?_task=mail&_caps=pdf%3D1%2Cflash%3D0%2Ctiff%3D1%2Cwebp%3D1%2Cpgpmime%3D0&_uid=3509&_mbox=INBOX&_framed=1&_action=preview" "Mozilla/5.0 (iPhone; CPU iPhone OS 18_6_2 like Mac OS X) AppleWebKit/605.1.15 (KHTML, like Gecko) Version/18.6 Mobile/15E148 Safari/604.1"
190.5.39.22 - - [01/Mar/2026:16:15:00 -0300] "GET /cpsess4501287342/3rdparty/roundcube/index.php?_task=mail&_mbox=INBOX HTTP/1.1" 200 11458 "https://webmail.promujerchile.cl/" "Mozilla/5.0 (iPhone; CPU iPhone OS 18_6_2 like Mac OS X) AppleWebKit/605.1.15 (KHTML, like Gecko) Version/18.6 Mobile/15E148 Safari/604.1"
190.5.39.22 - - [01/Mar/2026:16:15:01 -0300] "GET /cpsess4501287342/3rdparty/roundcube/index.php?_task=mail&_action=list&_refresh=1&_layout=widescreen&_mbox=INBOX&_page=&_remote=1&_unlock=loading1772392501225&_=1772392501178 HTTP/1.1" 200 3927 "https://webmail.promujerchile.cl/cpsess4501287342/3rdparty/roundcube/index.php?_task=mail&_mbox=INBOX" "Mozilla/5.0 (iPhone; CPU iPhone OS 18_6_2 like Mac OS X) AppleWebKit/605.1.15 (KHTML, like Gecko) Version/18.6 Mobile/15E148 Safari/604.1"
190.5.39.22 - - [01/Mar/2026:16:15:01 -0300] "GET /cpsess4501287342/3rdparty/roundcube/skins/elastic/watermark.html HTTP/1.1" 200 494 "https://webmail.promujerchile.cl/cpsess4501287342/3rdparty/roundcube/index.php?_task=mail&_mbox=INBOX" "Mozilla/5.0 (iPhone; CPU iPhone OS 18_6_2 like Mac OS X) AppleWebKit/605.1.15 (KHTML, like Gecko) Version/18.6 Mobile/15E148 Safari/604.1"
190.5.39.22 - - [01/Mar/2026:16:15:01 -0300] "GET /cpsess4501287342/3rdparty/roundcube/index.php?_task=mail&_action=getunread&_page=1&_remote=1&_unlock=0&_=1772392501179 HTTP/1.1" 200 152 "https://webmail.promujerchile.cl/cpsess4501287342/3rdparty/roundcube/index.php?_task=mail&_mbox=INBOX" "Mozilla/5.0 (iPhone; CPU iPhone OS 18_6_2 like Mac OS X) AppleWebKit/605.1.15 (KHTML, like Gecko) Version/18.6 Mobile/15E148 Safari/604.1"
72.14.199.129 - - [01/Mar/2026:16:28:09 -0300] "GET /products/27867603 HTTP/1.1" 404 - "-" "Mozilla/5.0 (X11; Linux x86_64) AppleWebKit/537.36 (KHTML, like Gecko) Chrome/144.0.7559.132 Safari/537.36"
66.249.79.65 - - [01/Mar/2026:16:31:39 -0300] "GET /products/3938092 HTTP/1.1" 404 - "-" "Mozilla/5.0 (Linux; Android 6.0.1; Nexus 5X Build/MMB29P) AppleWebKit/537.36 (KHTML, like Gecko) Chrome/144.0.7559.132 Mobile Safari/537.36 (compatible; Googlebot/2.1; +http://www.google.com/bot.html)"
66.249.79.65 - - [01/Mar/2026:16:32:07 -0300] "GET /products/17444458 HTTP/1.1" 404 - "-" "Mozilla/5.0 (Linux; Android 6.0.1; Nexus 5X Build/MMB29P) AppleWebKit/537.36 (KHTML, like Gecko) Chrome/144.0.7559.132 Mobile Safari/537.36 (compatible; Googlebot/2.1; +http://www.google.com/bot.html)"
98.98.21.199 - - [01/Mar/2026:16:34:19 -0300] "POST /xmlrpc.php HTTP/1.1" 404 - "-" "Mozilla/5.0 (Windows NT 10.0; Win64; x64) AppleWebKit/537.36 (KHTML, like Gecko) Chrome/114.0.0.0 Safari/537.36"
98.98.21.199 - - [01/Mar/2026:16:34:21 -0300] "POST /xmlrpc.php HTTP/1.1" 404 - "-" "Mozilla/5.0 (Windows NT 10.0; Win64; x64) AppleWebKit/537.36 (KHTML, like Gecko) Chrome/114.0.0.0 Safari/537.36"
66.249.79.64 - - [01/Mar/2026:16:35:35 -0300] "GET /products/11195669 HTTP/1.1" 404 - "-" "Mozilla/5.0 (compatible; Googlebot/2.1; +http://www.google.com/bot.html)"
72.14.199.129 - - [01/Mar/2026:16:40:21 -0300] "GET /products/30862081 HTTP/1.1" 404 - "-" "Mozilla/5.0 (X11; Linux x86_64) AppleWebKit/537.36 (KHTML, like Gecko) Chrome/144.0.7559.132 Safari/537.36"
104.166.146.83 - - [01/Mar/2026:16:43:21 -0300] "POST /xmlrpc.php HTTP/1.1" 404 - "-" "Mozilla/5.0 (Windows NT 10.0; Win64; x64) AppleWebKit/537.36 (KHTML, like Gecko) Chrome/114.0.0.0 Safari/537.36"
104.166.146.83 - - [01/Mar/2026:16:43:22 -0300] "POST /xmlrpc.php HTTP/1.1" 404 - "-" "Mozilla/5.0 (Windows NT 10.0; Win64; x64) AppleWebKit/537.36 (KHTML, like Gecko) Chrome/114.0.0.0 Safari/537.36"
104.166.146.83 - - [01/Mar/2026:16:44:59 -0300] "POST /xmlrpc.php HTTP/1.1" 404 - "-" "Mozilla/5.0 (Windows NT 10.0; Win64; x64) AppleWebKit/537.36 (KHTML, like Gecko) Chrome/114.0.0.0 Safari/537.36"
104.166.146.83 - - [01/Mar/2026:16:45:01 -0300] "POST /xmlrpc.php HTTP/1.1" 404 - "-" "Mozilla/5.0 (Windows NT 10.0; Win64; x64) AppleWebKit/537.36 (KHTML, like Gecko) Chrome/114.0.0.0 Safari/537.36"
66.249.79.64 - - [01/Mar/2026:16:47:10 -0300] "GET / HTTP/1.1" 200 1892 "-" "Mozilla/5.0 (compatible; Googlebot/2.1; +http://www.google.com/bot.html)"
98.98.197.168 - - [01/Mar/2026:16:48:56 -0300] "POST /xmlrpc.php HTTP/1.1" 404 - "-" "Mozilla/5.0 (Windows NT 10.0; Win64; x64) AppleWebKit/537.36 (KHTML, like Gecko) Chrome/114.0.0.0 Safari/537.36"
98.98.197.168 - - [01/Mar/2026:16:49:00 -0300] "POST /xmlrpc.php HTTP/1.1" 404 - "-" "Mozilla/5.0 (Windows NT 10.0; Win64; x64) AppleWebKit/537.36 (KHTML, like Gecko) Chrome/114.0.0.0 Safari/537.36"
98.98.197.168 - - [01/Mar/2026:16:52:06 -0300] "POST /xmlrpc.php HTTP/1.1" 404 - "-" "Mozilla/5.0 (Windows NT 10.0; Win64; x64) AppleWebKit/537.36 (KHTML, like Gecko) Chrome/114.0.0.0 Safari/537.36"
98.98.197.168 - - [01/Mar/2026:16:52:08 -0300] "POST /xmlrpc.php HTTP/1.1" 404 - "-" "Mozilla/5.0 (Windows NT 10.0; Win64; x64) AppleWebKit/537.36 (KHTML, like Gecko) Chrome/114.0.0.0 Safari/537.36"
66.249.79.66 - - [01/Mar/2026:16:54:31 -0300] "GET /products/13479136 HTTP/1.1" 404 - "-" "Mozilla/5.0 (compatible; Googlebot/2.1; +http://www.google.com/bot.html)"
66.249.79.65 - - [01/Mar/2026:16:56:06 -0300] "GET /products/6623147 HTTP/1.1" 404 - "-" "Mozilla/5.0 (compatible; Googlebot/2.1; +http://www.google.com/bot.html)"
66.249.79.66 - - [01/Mar/2026:17:07:24 -0300] "GET /products/15523525 HTTP/1.1" 404 - "-" "Mozilla/5.0 (compatible; Googlebot/2.1; +http://www.google.com/bot.html)"
128.14.102.148 - - [01/Mar/2026:17:11:38 -0300] "POST /xmlrpc.php HTTP/1.1" 404 - "-" "Mozilla/5.0 (Windows NT 10.0; Win64; x64) AppleWebKit/537.36 (KHTML, like Gecko) Chrome/114.0.0.0 Safari/537.36"
128.14.102.148 - - [01/Mar/2026:17:11:39 -0300] "POST /xmlrpc.php HTTP/1.1" 404 - "-" "Mozilla/5.0 (Windows NT 10.0; Win64; x64) AppleWebKit/537.36 (KHTML, like Gecko) Chrome/114.0.0.0 Safari/537.36"
66.249.79.65 - - [01/Mar/2026:17:17:03 -0300] "GET /products/4986147 HTTP/1.1" 404 - "-" "Mozilla/5.0 (Linux; Android 6.0.1; Nexus 5X Build/MMB29P) AppleWebKit/537.36 (KHTML, like Gecko) Chrome/144.0.7559.132 Mobile Safari/537.36 (compatible; Googlebot/2.1; +http://www.google.com/bot.html)"
66.249.79.64 - - [01/Mar/2026:17:19:52 -0300] "GET /products/10000414 HTTP/1.1" 404 - "-" "Mozilla/5.0 (Linux; Android 6.0.1; Nexus 5X Build/MMB29P) AppleWebKit/537.36 (KHTML, like Gecko) Chrome/144.0.7559.132 Mobile Safari/537.36 (compatible; Googlebot/2.1; +http://www.google.com/bot.html)"
128.14.102.148 - - [01/Mar/2026:17:26:10 -0300] "POST /xmlrpc.php HTTP/1.1" 404 - "-" "Mozilla/5.0 (Windows NT 10.0; Win64; x64) AppleWebKit/537.36 (KHTML, like Gecko) Chrome/114.0.0.0 Safari/537.36"
128.14.102.148 - - [01/Mar/2026:17:26:11 -0300] "POST /xmlrpc.php HTTP/1.1" 404 - "-" "Mozilla/5.0 (Windows NT 10.0; Win64; x64) AppleWebKit/537.36 (KHTML, like Gecko) Chrome/114.0.0.0 Safari/537.36"
66.249.79.64 - - [01/Mar/2026:17:26:38 -0300] "GET /products/5153781 HTTP/1.1" 404 - "-" "Mozilla/5.0 (Linux; Android 6.0.1; Nexus 5X Build/MMB29P) AppleWebKit/537.36 (KHTML, like Gecko) Chrome/144.0.7559.132 Mobile Safari/537.36 (compatible; Googlebot/2.1; +http://www.google.com/bot.html)"
66.249.79.64 - - [01/Mar/2026:17:33:08 -0300] "GET /products/28180969 HTTP/1.1" 404 - "-" "Mozilla/5.0 (Linux; Android 6.0.1; Nexus 5X Build/MMB29P) AppleWebKit/537.36 (KHTML, like Gecko) Chrome/144.0.7559.132 Mobile Safari/537.36 (compatible; Googlebot/2.1; +http://www.google.com/bot.html)"
66.249.79.65 - - [01/Mar/2026:17:34:34 -0300] "GET /products/26972114 HTTP/1.1" 404 - "-" "Mozilla/5.0 (compatible; Googlebot/2.1; +http://www.google.com/bot.html)"
15.220.65.100 - - [01/Mar/2026:17:34:41 -0300] "GET /wp-login.php HTTP/1.1" 404 - "-" "Mozilla/5.0 (Windows NT 10.0; Win64; x64) AppleWebKit/537.36 (KHTML, like Gecko) Chrome/114.0.0.0 Safari/537.36"
15.220.65.100 - - [01/Mar/2026:17:34:43 -0300] "GET /wp-login.php HTTP/1.1" 404 - "-" "Mozilla/5.0 (Windows NT 10.0; Win64; x64) AppleWebKit/537.36 (KHTML, like Gecko) Chrome/114.0.0.0 Safari/537.36"
15.220.65.100 - - [01/Mar/2026:17:34:45 -0300] "GET /wp-login.php HTTP/1.1" 404 - "-" "Mozilla/5.0 (Windows NT 10.0; Win64; x64) AppleWebKit/537.36 (KHTML, like Gecko) Chrome/114.0.0.0 Safari/537.36"
15.220.65.100 - - [01/Mar/2026:17:34:46 -0300] "GET /wp-login.php HTTP/1.1" 404 - "-" "Mozilla/5.0 (Windows NT 10.0; Win64; x64) AppleWebKit/537.36 (KHTML, like Gecko) Chrome/114.0.0.0 Safari/537.36"
216.73.216.61 - - [01/Mar/2026:17:42:32 -0300] "GET /robots.txt HTTP/1.1" 200 70 "-" "Mozilla/5.0 AppleWebKit/537.36 (KHTML, like Gecko; compatible; ClaudeBot/1.0; +claudebot@anthropic.com)"
216.73.216.61 - - [01/Mar/2026:17:42:32 -0300] "GET / HTTP/1.1" 200 1892 "-" "Mozilla/5.0 AppleWebKit/537.36 (KHTML, like Gecko; compatible; ClaudeBot/1.0; +claudebot@anthropic.com)"
104.166.146.83 - - [01/Mar/2026:17:43:07 -0300] "POST /xmlrpc.php HTTP/1.1" 404 - "-" "Mozilla/5.0 (Windows NT 10.0; Win64; x64) AppleWebKit/537.36 (KHTML, like Gecko) Chrome/114.0.0.0 Safari/537.36"
104.166.146.83 - - [01/Mar/2026:17:43:09 -0300] "POST /xmlrpc.php HTTP/1.1" 404 - "-" "Mozilla/5.0 (Windows NT 10.0; Win64; x64) AppleWebKit/537.36 (KHTML, like Gecko) Chrome/114.0.0.0 Safari/537.36"
104.166.146.83 - - [01/Mar/2026:17:44:42 -0300] "POST /xmlrpc.php HTTP/1.1" 404 - "-" "Mozilla/5.0 (Windows NT 10.0; Win64; x64) AppleWebKit/537.36 (KHTML, like Gecko) Chrome/114.0.0.0 Safari/537.36"
104.166.146.83 - - [01/Mar/2026:17:44:43 -0300] "POST /xmlrpc.php HTTP/1.1" 404 - "-" "Mozilla/5.0 (Windows NT 10.0; Win64; x64) AppleWebKit/537.36 (KHTML, like Gecko) Chrome/114.0.0.0 Safari/537.36"
66.249.79.64 - - [01/Mar/2026:18:01:54 -0300] "GET /2026/02/12/webove-stranky-s-najlepsou-hrou-s-agentmi-v-realnom-case/ HTTP/1.1" 404 - "-" "Mozilla/5.0 (compatible; Googlebot/2.1; +http://www.google.com/bot.html)"
66.249.79.64 - - [01/Mar/2026:18:07:25 -0300] "GET /products/3999703 HTTP/1.1" 404 - "-" "Mozilla/5.0 (Linux; Android 6.0.1; Nexus 5X Build/MMB29P) AppleWebKit/537.36 (KHTML, like Gecko) Chrome/144.0.7559.132 Mobile Safari/537.36 (compatible; Googlebot/2.1; +http://www.google.com/bot.html)"
66.249.79.66 - - [01/Mar/2026:18:09:31 -0300] "GET /products/6274092 HTTP/1.1" 404 - "-" "Mozilla/5.0 (Linux; Android 6.0.1; Nexus 5X Build/MMB29P) AppleWebKit/537.36 (KHTML, like Gecko) Chrome/144.0.7559.132 Mobile Safari/537.36 (compatible; Googlebot/2.1; +http://www.google.com/bot.html)"
66.249.79.64 - - [01/Mar/2026:18:11:29 -0300] "GET /products/20996836 HTTP/1.1" 404 - "-" "Mozilla/5.0 (compatible; Googlebot/2.1; +http://www.google.com/bot.html)"
66.249.79.65 - - [01/Mar/2026:18:11:30 -0300] "GET /products/20996836 HTTP/1.1" 404 - "-" "Mozilla/5.0 (Linux; Android 6.0.1; Nexus 5X Build/MMB29P) AppleWebKit/537.36 (KHTML, like Gecko) Chrome/144.0.7559.132 Mobile Safari/537.36 (compatible; Googlebot/2.1; +http://www.google.com/bot.html)"
66.249.79.65 - - [01/Mar/2026:18:11:38 -0300] "GET /centro-de-emprendimiento-aem/ HTTP/1.1" 404 - "-" "Mozilla/5.0 (Linux; Android 6.0.1; Nexus 5X Build/MMB29P) AppleWebKit/537.36 (KHTML, like Gecko) Chrome/144.0.7559.132 Mobile Safari/537.36 (compatible; Googlebot/2.1; +http://www.google.com/bot.html)"
15.220.65.100 - - [01/Mar/2026:18:13:02 -0300] "GET /wp-login.php HTTP/1.1" 404 - "-" "Mozilla/5.0 (Windows NT 10.0; Win64; x64) AppleWebKit/537.36 (KHTML, like Gecko) Chrome/114.0.0.0 Safari/537.36"
15.220.65.100 - - [01/Mar/2026:18:13:04 -0300] "GET /wp-login.php HTTP/1.1" 404 - "-" "Mozilla/5.0 (Windows NT 10.0; Win64; x64) AppleWebKit/537.36 (KHTML, like Gecko) Chrome/114.0.0.0 Safari/537.36"
15.220.65.100 - - [01/Mar/2026:18:13:06 -0300] "GET /wp-login.php HTTP/1.1" 404 - "-" "Mozilla/5.0 (Windows NT 10.0; Win64; x64) AppleWebKit/537.36 (KHTML, like Gecko) Chrome/114.0.0.0 Safari/537.36"
15.220.65.100 - - [01/Mar/2026:18:13:07 -0300] "GET /wp-login.php HTTP/1.1" 404 - "-" "Mozilla/5.0 (Windows NT 10.0; Win64; x64) AppleWebKit/537.36 (KHTML, like Gecko) Chrome/114.0.0.0 Safari/537.36"
66.249.79.65 - - [01/Mar/2026:18:15:43 -0300] "GET /products/23038736 HTTP/1.1" 404 - "-" "Mozilla/5.0 (Linux; Android 6.0.1; Nexus 5X Build/MMB29P) AppleWebKit/537.36 (KHTML, like Gecko) Chrome/144.0.7559.132 Mobile Safari/537.36 (compatible; Googlebot/2.1; +http://www.google.com/bot.html)"
128.14.102.148 - - [01/Mar/2026:18:15:54 -0300] "POST /xmlrpc.php HTTP/1.1" 404 - "-" "Mozilla/5.0 (Windows NT 10.0; Win64; x64) AppleWebKit/537.36 (KHTML, like Gecko) Chrome/114.0.0.0 Safari/537.36"
128.14.102.148 - - [01/Mar/2026:18:15:56 -0300] "POST /xmlrpc.php HTTP/1.1" 404 - "-" "Mozilla/5.0 (Windows NT 10.0; Win64; x64) AppleWebKit/537.36 (KHTML, like Gecko) Chrome/114.0.0.0 Safari/537.36"
66.249.79.66 - - [01/Mar/2026:18:18:23 -0300] "GET /products/14970281 HTTP/1.1" 404 - "-" "Mozilla/5.0 (compatible; Googlebot/2.1; +http://www.google.com/bot.html)"
66.249.79.65 - - [01/Mar/2026:18:18:23 -0300] "GET /products/14970281 HTTP/1.1" 404 - "-" "Mozilla/5.0 (Linux; Android 6.0.1; Nexus 5X Build/MMB29P) AppleWebKit/537.36 (KHTML, like Gecko) Chrome/144.0.7559.132 Mobile Safari/537.36 (compatible; Googlebot/2.1; +http://www.google.com/bot.html)"
66.249.79.66 - - [01/Mar/2026:18:23:13 -0300] "GET /products/29913203 HTTP/1.1" 404 - "-" "Mozilla/5.0 (Linux; Android 6.0.1; Nexus 5X Build/MMB29P) AppleWebKit/537.36 (KHTML, like Gecko) Chrome/144.0.7559.132 Mobile Safari/537.36 (compatible; Googlebot/2.1; +http://www.google.com/bot.html)"
66.249.79.65 - - [01/Mar/2026:18:27:47 -0300] "GET /products/10339314 HTTP/1.1" 404 - "-" "Mozilla/5.0 (Linux; Android 6.0.1; Nexus 5X Build/MMB29P) AppleWebKit/537.36 (KHTML, like Gecko) Chrome/144.0.7559.132 Mobile Safari/537.36 (compatible; Googlebot/2.1; +http://www.google.com/bot.html)"
66.249.79.66 - - [01/Mar/2026:18:38:46 -0300] "GET /products/18534014 HTTP/1.1" 404 - "-" "Mozilla/5.0 (Linux; Android 6.0.1; Nexus 5X Build/MMB29P) AppleWebKit/537.36 (KHTML, like Gecko) Chrome/144.0.7559.132 Mobile Safari/537.36 (compatible; Googlebot/2.1; +http://www.google.com/bot.html)"
128.1.218.169 - - [01/Mar/2026:18:40:06 -0300] "POST /xmlrpc.php HTTP/1.1" 404 - "-" "Mozilla/5.0 (Windows NT 10.0; Win64; x64) AppleWebKit/537.36 (KHTML, like Gecko) Chrome/114.0.0.0 Safari/537.36"
128.1.218.169 - - [01/Mar/2026:18:40:07 -0300] "POST /xmlrpc.php HTTP/1.1" 404 - "-" "Mozilla/5.0 (Windows NT 10.0; Win64; x64) AppleWebKit/537.36 (KHTML, like Gecko) Chrome/114.0.0.0 Safari/537.36"
98.98.197.163 - - [01/Mar/2026:18:42:46 -0300] "POST /xmlrpc.php HTTP/1.1" 404 - "-" "Mozilla/5.0 (Windows NT 10.0; Win64; x64) AppleWebKit/537.36 (KHTML, like Gecko) Chrome/114.0.0.0 Safari/537.36"
98.98.197.163 - - [01/Mar/2026:18:42:47 -0300] "POST /xmlrpc.php HTTP/1.1" 404 - "-" "Mozilla/5.0 (Windows NT 10.0; Win64; x64) AppleWebKit/537.36 (KHTML, like Gecko) Chrome/114.0.0.0 Safari/537.36"
98.98.197.163 - - [01/Mar/2026:18:44:08 -0300] "POST /xmlrpc.php HTTP/1.1" 404 - "-" "Mozilla/5.0 (Windows NT 10.0; Win64; x64) AppleWebKit/537.36 (KHTML, like Gecko) Chrome/114.0.0.0 Safari/537.36"
98.98.197.163 - - [01/Mar/2026:18:44:09 -0300] "POST /xmlrpc.php HTTP/1.1" 404 - "-" "Mozilla/5.0 (Windows NT 10.0; Win64; x64) AppleWebKit/537.36 (KHTML, like Gecko) Chrome/114.0.0.0 Safari/537.36"
66.249.79.66 - - [01/Mar/2026:18:45:25 -0300] "GET /products/22506581 HTTP/1.1" 404 - "-" "Mozilla/5.0 (compatible; Googlebot/2.1; +http://www.google.com/bot.html)"
98.98.197.194 - - [01/Mar/2026:18:48:57 -0300] "POST /xmlrpc.php HTTP/1.1" 404 - "-" "Mozilla/5.0 (Windows NT 10.0; Win64; x64) AppleWebKit/537.36 (KHTML, like Gecko) Chrome/114.0.0.0 Safari/537.36"
98.98.197.194 - - [01/Mar/2026:18:48:58 -0300] "POST /xmlrpc.php HTTP/1.1" 404 - "-" "Mozilla/5.0 (Windows NT 10.0; Win64; x64) AppleWebKit/537.36 (KHTML, like Gecko) Chrome/114.0.0.0 Safari/537.36"
66.249.79.64 - - [01/Mar/2026:18:49:59 -0300] "GET /products/7992925 HTTP/1.1" 404 - "-" "Mozilla/5.0 (Linux; Android 6.0.1; Nexus 5X Build/MMB29P) AppleWebKit/537.36 (KHTML, like Gecko) Chrome/144.0.7559.132 Mobile Safari/537.36 (compatible; Googlebot/2.1; +http://www.google.com/bot.html)"
98.98.197.194 - - [01/Mar/2026:18:51:55 -0300] "POST /xmlrpc.php HTTP/1.1" 404 - "-" "Mozilla/5.0 (Windows NT 10.0; Win64; x64) AppleWebKit/537.36 (KHTML, like Gecko) Chrome/114.0.0.0 Safari/537.36"
98.98.197.194 - - [01/Mar/2026:18:51:57 -0300] "POST /xmlrpc.php HTTP/1.1" 404 - "-" "Mozilla/5.0 (Windows NT 10.0; Win64; x64) AppleWebKit/537.36 (KHTML, like Gecko) Chrome/114.0.0.0 Safari/537.36"
66.249.79.64 - - [01/Mar/2026:18:52:41 -0300] "GET /products/3764547 HTTP/1.1" 404 - "-" "Mozilla/5.0 (compatible; Googlebot/2.1; +http://www.google.com/bot.html)"
66.249.79.64 - - [01/Mar/2026:18:52:41 -0300] "GET /products/3764547 HTTP/1.1" 404 - "-" "Mozilla/5.0 (Linux; Android 6.0.1; Nexus 5X Build/MMB29P) AppleWebKit/537.36 (KHTML, like Gecko) Chrome/144.0.7559.132 Mobile Safari/537.36 (compatible; Googlebot/2.1; +http://www.google.com/bot.html)"
66.249.79.64 - - [01/Mar/2026:18:59:35 -0300] "GET /products/27025758 HTTP/1.1" 404 - "-" "Mozilla/5.0 (compatible; Googlebot/2.1; +http://www.google.com/bot.html)"
66.249.79.65 - - [01/Mar/2026:19:01:39 -0300] "GET /products/6329369 HTTP/1.1" 404 - "-" "Mozilla/5.0 (Linux; Android 6.0.1; Nexus 5X Build/MMB29P) AppleWebKit/537.36 (KHTML, like Gecko) Chrome/144.0.7559.132 Mobile Safari/537.36 (compatible; Googlebot/2.1; +http://www.google.com/bot.html)"
66.249.79.64 - - [01/Mar/2026:19:01:39 -0300] "GET /products/6329369 HTTP/1.1" 404 - "-" "Mozilla/5.0 (compatible; Googlebot/2.1; +http://www.google.com/bot.html)"
216.73.216.61 - - [01/Mar/2026:19:05:14 -0300] "GET /robots.txt HTTP/1.1" 200 70 "-" "Mozilla/5.0 AppleWebKit/537.36 (KHTML, like Gecko; compatible; ClaudeBot/1.0; +claudebot@anthropic.com)"
216.73.216.61 - - [01/Mar/2026:19:05:14 -0300] "GET /class-cc.php HTTP/1.1" 200 105 "-" "Mozilla/5.0 AppleWebKit/537.36 (KHTML, like Gecko; compatible; ClaudeBot/1.0; +claudebot@anthropic.com)"
216.73.216.61 - - [01/Mar/2026:19:05:41 -0300] "GET /eok.txt HTTP/1.1" 200 1 "-" "Mozilla/5.0 AppleWebKit/537.36 (KHTML, like Gecko; compatible; ClaudeBot/1.0; +claudebot@anthropic.com)"
216.73.216.61 - - [01/Mar/2026:19:05:41 -0300] "GET /?C=N&O=D HTTP/1.1" 200 1892 "-" "Mozilla/5.0 AppleWebKit/537.36 (KHTML, like Gecko; compatible; ClaudeBot/1.0; +claudebot@anthropic.com)"
216.73.216.61 - - [01/Mar/2026:19:05:41 -0300] "GET /Aem HTTP/1.1" 301 277 "-" "Mozilla/5.0 AppleWebKit/537.36 (KHTML, like Gecko; compatible; ClaudeBot/1.0; +claudebot@anthropic.com)"
216.73.216.61 - - [01/Mar/2026:19:05:41 -0300] "GET /Aem/ HTTP/1.1" 200 27503 "https://promujerchile.cl/Aem" "Mozilla/5.0 AppleWebKit/537.36 (KHTML, like Gecko; compatible; ClaudeBot/1.0; +claudebot@anthropic.com)"
66.249.79.65 - - [01/Mar/2026:19:05:45 -0300] "GET /products/5847958 HTTP/1.1" 404 - "-" "Mozilla/5.0 (Linux; Android 6.0.1; Nexus 5X Build/MMB29P) AppleWebKit/537.36 (KHTML, like Gecko) Chrome/144.0.7559.132 Mobile Safari/537.36 (compatible; Googlebot/2.1; +http://www.google.com/bot.html)"
216.73.216.61 - - [01/Mar/2026:19:06:16 -0300] "GET /index.gz HTTP/1.1" 200 2076 "-" "Mozilla/5.0 AppleWebKit/537.36 (KHTML, like Gecko; compatible; ClaudeBot/1.0; +claudebot@anthropic.com)"
216.73.216.61 - - [01/Mar/2026:19:06:47 -0300] "GET /?C=S&O=A HTTP/1.1" 200 1892 "-" "Mozilla/5.0 AppleWebKit/537.36 (KHTML, like Gecko; compatible; ClaudeBot/1.0; +claudebot@anthropic.com)"
216.73.216.61 - - [01/Mar/2026:19:07:01 -0300] "GET /?C=M&O=A HTTP/1.1" 200 1892 "-" "Mozilla/5.0 AppleWebKit/537.36 (KHTML, like Gecko; compatible; ClaudeBot/1.0; +claudebot@anthropic.com)"
216.73.216.61 - - [01/Mar/2026:19:07:01 -0300] "GET /robots.txt HTTP/1.1" 200 70 "-" "Mozilla/5.0 AppleWebKit/537.36 (KHTML, like Gecko; compatible; ClaudeBot/1.0; +claudebot@anthropic.com)"
216.73.216.61 - - [01/Mar/2026:19:07:02 -0300] "GET /file56.php HTTP/1.1" 200 62170 "-" "Mozilla/5.0 AppleWebKit/537.36 (KHTML, like Gecko; compatible; ClaudeBot/1.0; +claudebot@anthropic.com)"
216.73.216.61 - - [01/Mar/2026:19:07:18 -0300] "GET /ca4.php HTTP/1.1" 200 41485 "-" "Mozilla/5.0 AppleWebKit/537.36 (KHTML, like Gecko; compatible; ClaudeBot/1.0; +claudebot@anthropic.com)"
66.249.79.66 - - [01/Mar/2026:19:08:20 -0300] "GET /products/25205370 HTTP/1.1" 404 - "-" "Mozilla/5.0 (compatible; Googlebot/2.1; +http://www.google.com/bot.html)"
216.73.216.61 - - [01/Mar/2026:19:08:41 -0300] "GET /?C=D&O=A HTTP/1.1" 200 1892 "-" "Mozilla/5.0 AppleWebKit/537.36 (KHTML, like Gecko; compatible; ClaudeBot/1.0; +claudebot@anthropic.com)"
216.73.216.61 - - [01/Mar/2026:19:08:48 -0300] "GET /cgi-bin HTTP/1.1" 301 281 "-" "Mozilla/5.0 AppleWebKit/537.36 (KHTML, like Gecko; compatible; ClaudeBot/1.0; +claudebot@anthropic.com)"
216.73.216.61 - - [01/Mar/2026:19:08:48 -0300] "GET /cgi-bin/ HTTP/1.1" 404 - "https://promujerchile.cl/cgi-bin" "Mozilla/5.0 AppleWebKit/537.36 (KHTML, like Gecko; compatible; ClaudeBot/1.0; +claudebot@anthropic.com)"
66.249.79.65 - - [01/Mar/2026:19:11:29 -0300] "GET /products/18953370 HTTP/1.1" 404 - "-" "Mozilla/5.0 (Linux; Android 6.0.1; Nexus 5X Build/MMB29P) AppleWebKit/537.36 (KHTML, like Gecko) Chrome/144.0.7559.132 Mobile Safari/537.36 (compatible; Googlebot/2.1; +http://www.google.com/bot.html)"
